CRAN Package Check Results for Package editbl

Last updated on 2024-02-25 18:51:23 CET.

Flavor Version Tinstall Tcheck Ttotal Status Flags
r-devel-linux-x86_64-debian-clang 1.0.3 9.82 79.29 89.11 OK
r-devel-linux-x86_64-debian-gcc 1.0.3 7.43 59.45 66.88 OK
r-devel-linux-x86_64-fedora-clang 1.0.3 108.32 NOTE
r-devel-linux-x86_64-fedora-gcc 1.0.3 100.23 OK
r-devel-windows-x86_64 1.0.3 9.00 90.00 99.00 OK
r-patched-linux-x86_64 1.0.3 8.07 74.27 82.34 OK
r-release-linux-x86_64 1.0.3 9.55 76.14 85.69 OK
r-release-macos-arm64 1.0.3 42.00 OK
r-release-macos-x86_64 1.0.3 73.00 OK
r-release-windows-x86_64 1.0.3 12.00 100.00 112.00 OK
r-oldrel-macos-arm64 1.0.3 38.00 OK
r-oldrel-windows-x86_64 1.0.3 12.00 96.00 108.00 OK

Check Details

Version: 1.0.3
Check: Rd cross-references
Result: NOTE Undeclared package ‘htmlwidgets’ in Rd xrefs Flavor: r-devel-linux-x86_64-fedora-clang