CRAN Package Check Results for Package effectR

Last updated on 2023-06-02 20:56:24 CEST.

Flavor Version Tinstall Tcheck Ttotal Status Flags
r-devel-linux-x86_64-debian-clang 1.0.2 4.96 45.88 50.84 OK
r-devel-linux-x86_64-debian-gcc 1.0.2 3.96 35.25 39.21 OK
r-devel-linux-x86_64-fedora-clang 1.0.2 66.09 NOTE
r-devel-linux-x86_64-fedora-gcc 1.0.2 70.87 NOTE
r-devel-windows-x86_64 1.0.2 7.00 57.00 64.00 OK
r-patched-linux-x86_64 1.0.2 OK
r-release-linux-x86_64 1.0.2 3.49 43.68 47.17 OK
r-release-macos-arm64 1.0.2 31.00 OK
r-release-macos-x86_64 1.0.2 44.00 OK
r-release-windows-x86_64 1.0.2 7.00 62.00 69.00 OK
r-oldrel-macos-arm64 1.0.2 22.00 NOTE
r-oldrel-macos-x86_64 1.0.2 45.00 NOTE
r-oldrel-windows-x86_64 1.0.2 7.00 68.00 75.00 OK

Check Details

Version: 1.0.2
Check: dependencies in R code
Result: NOTE
    Namespace in Imports field not imported from: ‘rmarkdown’
     All declared Imports should be used.
Flavors: r-devel-linux-x86_64-fedora-clang, r-devel-linux-x86_64-fedora-gcc, r-oldrel-macos-arm64, r-oldrel-macos-x86_64