Last updated on 2023-11-29 18:48:45 CET.
Flavor | Version | Tinstall | Tcheck | Ttotal | Status | Flags |
---|---|---|---|---|---|---|
r-devel-linux-x86_64-debian-clang | 2.4 | 899.44 | 205.02 | 1104.46 | NOTE | |
r-devel-linux-x86_64-debian-gcc | 2.4 | 751.73 | 203.17 | 954.90 | NOTE | |
r-devel-linux-x86_64-fedora-clang | 2.4 | 1365.35 | NOTE | |||
r-devel-linux-x86_64-fedora-gcc | 2.4 | 1874.32 | NOTE | |||
r-devel-windows-x86_64 | 2.4 | 646.00 | 226.00 | 872.00 | NOTE | |
r-patched-linux-x86_64 | 2.4 | 704.06 | 260.57 | 964.63 | NOTE | |
r-release-linux-x86_64 | 2.4 | 679.16 | 266.58 | 945.74 | NOTE | |
r-release-macos-arm64 | 2.4 | 419.00 | NOTE | |||
r-release-macos-x86_64 | 2.4 | 524.00 | NOTE | |||
r-release-windows-x86_64 | 2.4 | 882.00 | 292.00 | 1174.00 | NOTE | |
r-oldrel-macos-arm64 | 2.4 | 780.00 | NOTE | |||
r-oldrel-macos-x86_64 | 2.4 | 468.00 | NOTE | |||
r-oldrel-windows-x86_64 | 2.4 | 822.00 | 262.00 | 1084.00 | NOTE |
Version: 2.4
Check: package dependencies
Result: NOTE
Package suggested but not available for checking: ‘eggCountsExtra’
Flavors: r-devel-linux-x86_64-debian-clang, r-devel-linux-x86_64-debian-gcc, r-devel-linux-x86_64-fedora-clang, r-devel-linux-x86_64-fedora-gcc, r-devel-windows-x86_64, r-patched-linux-x86_64, r-release-linux-x86_64, r-release-macos-arm64, r-release-macos-x86_64, r-release-windows-x86_64, r-oldrel-macos-arm64, r-oldrel-macos-x86_64, r-oldrel-windows-x86_64
Version: 2.4
Check: for GNU extensions in Makefiles
Result: NOTE
GNU make is a SystemRequirements.
Flavors: r-devel-linux-x86_64-debian-clang, r-devel-linux-x86_64-debian-gcc, r-devel-linux-x86_64-fedora-clang, r-devel-linux-x86_64-fedora-gcc, r-devel-windows-x86_64, r-patched-linux-x86_64, r-release-linux-x86_64, r-release-macos-arm64, r-release-macos-x86_64, r-release-windows-x86_64, r-oldrel-macos-arm64, r-oldrel-macos-x86_64, r-oldrel-windows-x86_64
Version: 2.4
Check: installed package size
Result: NOTE
installed size is 8.5Mb
sub-directories of 1Mb or more:
libs 7.8Mb
Flavors: r-devel-linux-x86_64-fedora-clang, r-devel-windows-x86_64, r-release-macos-arm64, r-release-macos-x86_64, r-release-windows-x86_64, r-oldrel-macos-arm64, r-oldrel-macos-x86_64, r-oldrel-windows-x86_64