CRAN Package Check Results for Package eggCounts

Last updated on 2024-07-24 20:52:20 CEST.

Flavor Version Tinstall Tcheck Ttotal Status Flags
r-devel-linux-x86_64-debian-clang 2.4 963.19 212.67 1175.86 NOTE
r-devel-linux-x86_64-debian-gcc 2.4 844.71 223.64 1068.35 NOTE
r-devel-linux-x86_64-fedora-clang 2.4 1528.33 NOTE
r-devel-linux-x86_64-fedora-gcc 2.4 2199.29 NOTE
r-devel-windows-x86_64 2.4 764.00 245.00 1009.00 NOTE
r-patched-linux-x86_64 2.4 724.59 293.54 1018.13 NOTE
r-release-linux-x86_64 2.4 0.01 3.07 3.08 ERROR
r-release-macos-arm64 2.4 370.00 NOTE
r-release-macos-x86_64 2.4 439.00 NOTE
r-release-windows-x86_64 2.4 777.00 231.00 1008.00 NOTE
r-oldrel-macos-arm64 2.4 419.00 NOTE
r-oldrel-macos-x86_64 2.4 524.00 NOTE
r-oldrel-windows-x86_64 2.4 972.00 289.00 1261.00 NOTE

Check Details

Version: 2.4
Check: package dependencies
Result: NOTE Package suggested but not available for checking: ‘eggCountsExtra’ Flavors: r-devel-linux-x86_64-debian-clang, r-devel-linux-x86_64-debian-gcc, r-devel-linux-x86_64-fedora-clang, r-devel-linux-x86_64-fedora-gcc, r-devel-windows-x86_64, r-patched-linux-x86_64, r-release-linux-x86_64, r-release-macos-arm64, r-release-macos-x86_64, r-release-windows-x86_64, r-oldrel-macos-arm64, r-oldrel-macos-x86_64, r-oldrel-windows-x86_64

Version: 2.4
Check: for GNU extensions in Makefiles
Result: NOTE GNU make is a SystemRequirements. Flavors: r-devel-linux-x86_64-debian-clang, r-devel-linux-x86_64-debian-gcc, r-devel-linux-x86_64-fedora-clang, r-devel-linux-x86_64-fedora-gcc, r-devel-windows-x86_64, r-patched-linux-x86_64, r-release-macos-arm64, r-release-macos-x86_64, r-release-windows-x86_64, r-oldrel-macos-arm64, r-oldrel-macos-x86_64, r-oldrel-windows-x86_64

Version: 2.4
Check: Rd cross-references
Result: NOTE Found the following Rd file(s) with Rd \link{} targets missing package anchors: plotCounts.Rd: xyplot Please provide package anchors for all Rd \link{} targets not in the package itself and the base packages. Flavors: r-devel-linux-x86_64-debian-gcc, r-devel-windows-x86_64

Version: 2.4
Check: installed package size
Result: NOTE installed size is 8.7Mb sub-directories of 1Mb or more: libs 8.0Mb Flavors: r-devel-linux-x86_64-fedora-clang, r-devel-windows-x86_64, r-release-macos-arm64, r-release-macos-x86_64, r-release-windows-x86_64, r-oldrel-macos-arm64, r-oldrel-macos-x86_64, r-oldrel-windows-x86_64

Version: 2.4
Check: whether package can be installed
Result: ERROR Installation failed. Flavor: r-release-linux-x86_64