CRAN Package Check Results for Package eiPack

Last updated on 2024-02-24 18:54:48 CET.

Flavor Version Tinstall Tcheck Ttotal Status Flags
r-devel-linux-x86_64-debian-clang 0.2-2 9.01 45.87 54.88 NOTE
r-devel-linux-x86_64-debian-gcc 0.2-2 7.05 35.20 42.25 NOTE
r-devel-linux-x86_64-fedora-clang 0.2-2 66.79 OK
r-devel-linux-x86_64-fedora-gcc 0.2-2 67.25 OK
r-devel-windows-x86_64 0.2-2 11.00 57.00 68.00 OK
r-patched-linux-x86_64 0.2-2 8.34 43.93 52.27 OK
r-release-linux-x86_64 0.2-2 7.24 43.49 50.73 OK
r-release-macos-arm64 0.2-2 24.00 OK
r-release-macos-x86_64 0.2-2 36.00 OK
r-release-windows-x86_64 0.2-2 13.00 59.00 72.00 OK
r-oldrel-macos-arm64 0.2-2 26.00 OK
r-oldrel-windows-x86_64 0.2-2 14.00 69.00 83.00 OK

Check Details

Version: 0.2-2
Check: Rd files
Result: NOTE checkRd: (-1) ei.MD.bayes.Rd:194-195: Lost braces in \itemize; meant \describe ? checkRd: (-1) ei.MD.bayes.Rd:196-197: Lost braces in \itemize; meant \describe ? checkRd: (-1) ei.MD.bayes.Rd:198-199: Lost braces in \itemize; meant \describe ? checkRd: (-1) ei.MD.bayes.Rd:200-201: Lost braces in \itemize; meant \describe ? checkRd: (-1) ei.MD.bayes.Rd:227-228: Lost braces in \itemize; meant \describe ? checkRd: (-1) ei.MD.bayes.Rd:230-231: Lost braces in \itemize; meant \describe ? checkRd: (-1) ei.MD.bayes.Rd:233-234: Lost braces in \itemize; meant \describe ? checkRd: (-1) ei.MD.bayes.Rd:235-236: Lost braces in \itemize; meant \describe ? checkRd: (-1) ei.MD.bayes.Rd:240: Lost braces in \itemize; meant \describe ? checkRd: (-1) ei.MD.bayes.Rd:241-242: Lost braces in \itemize; meant \describe ? checkRd: (-1) ei.MD.bayes.Rd:251: Lost braces in \itemize; meant \describe ? checkRd: (-1) ei.MD.bayes.Rd:252-253: Lost braces in \itemize; meant \describe ? checkRd: (-1) ei.MD.bayes.Rd:254-255: Lost braces in \itemize; meant \describe ? checkRd: (-1) ei.MD.bayes.Rd:256-257: Lost braces in \itemize; meant \describe ? checkRd: (-1) ei.MD.bayes.Rd:261: Lost braces in \itemize; meant \describe ? checkRd: (-1) ei.MD.bayes.Rd:262-263: Lost braces in \itemize; meant \describe ? checkRd: (-1) ei.MD.bayes.Rd:61-63: Lost braces in \itemize; \value handles \item{}{} directly checkRd: (-1) ei.MD.bayes.Rd:64-68: Lost braces in \itemize; \value handles \item{}{} directly checkRd: (-1) ei.MD.bayes.Rd:69-71: Lost braces in \itemize; \value handles \item{}{} directly checkRd: (-1) ei.MD.bayes.Rd:72-74: Lost braces in \itemize; \value handles \item{}{} directly checkRd: (-1) ei.MD.bayes.Rd:75-78: Lost braces in \itemize; \value handles \item{}{} directly checkRd: (-1) ei.MD.bayes.Rd:83-85: Lost braces in \itemize; \value handles \item{}{} directly checkRd: (-1) ei.MD.bayes.Rd:86-90: Lost braces in \itemize; \value handles \item{}{} directly checkRd: (-1) ei.MD.bayes.Rd:91-94: Lost braces in \itemize; \value handles \item{}{} directly checkRd: (-1) ei.MD.bayes.Rd:100: Lost braces in \itemize; \value handles \item{}{} directly checkRd: (-1) ei.MD.bayes.Rd:101: Lost braces in \itemize; \value handles \item{}{} directly checkRd: (-1) ei.MD.bayes.Rd:102-103: Lost braces in \itemize; \value handles \item{}{} directly checkRd: (-1) ei.MD.bayes.Rd:107: Lost braces in \itemize; \value handles \item{}{} directly checkRd: (-1) ei.MD.bayes.Rd:108: Lost braces in \itemize; \value handles \item{}{} directly checkRd: (-1) ei.reg.Rd:39-41: Lost braces in \itemize; meant \describe ? checkRd: (-1) ei.reg.Rd:42-44: Lost braces in \itemize; meant \describe ? checkRd: (-1) ei.reg.Rd:45-47: Lost braces in \itemize; meant \describe ? checkRd: (-1) lambda.reg.Rd:31-32: Lost braces in \itemize; meant \describe ? checkRd: (-1) lambda.reg.Rd:35-38: Lost braces in \itemize; meant \describe ? checkRd: (-1) lambda.reg.Rd:39-45: Lost braces in \itemize; meant \describe ? Flavors: r-devel-linux-x86_64-debian-clang, r-devel-linux-x86_64-debian-gcc