CRAN Package Check Results for Package eirm

Last updated on 2023-05-31 20:57:07 CEST.

Flavor Version Tinstall Tcheck Ttotal Status Flags
r-devel-linux-x86_64-debian-clang 0.5 13.89 135.62 149.51 OK
r-devel-linux-x86_64-debian-gcc 0.5 10.72 101.66 112.38 OK
r-devel-linux-x86_64-fedora-clang 0.5 188.71 NOTE
r-devel-linux-x86_64-fedora-gcc 0.5 197.68 OK
r-devel-windows-x86_64 0.5 13.00 120.00 133.00 OK
r-patched-linux-x86_64 0.5 OK
r-release-linux-x86_64 0.5 11.63 126.99 138.62 OK
r-release-macos-arm64 0.5 68.00 OK
r-release-macos-x86_64 0.5 102.00 NOTE
r-release-windows-x86_64 0.5 16.00 151.00 167.00 OK
r-oldrel-macos-arm64 0.5 60.00 OK
r-oldrel-macos-x86_64 0.5 93.00 OK
r-oldrel-windows-x86_64 0.5 17.00 162.00 179.00 OK

Check Details

Version: 0.5
Check: Rd cross-references
Result: NOTE
    Undeclared package ‘eRm’ in Rd xrefs
Flavor: r-devel-linux-x86_64-fedora-clang

Version: 0.5
Check: Rd cross-references
Result: NOTE
    Package unavailable to check Rd xrefs: ‘eRm’
Flavor: r-release-macos-x86_64