Last updated on 2023-11-28 18:49:16 CET.
Flavor | Version | Tinstall | Tcheck | Ttotal | Status | Flags |
---|---|---|---|---|---|---|
r-devel-linux-x86_64-debian-clang | 1.1.3 | 18.01 | 270.45 | 288.46 | OK | |
r-devel-linux-x86_64-debian-gcc | 1.1.3 | 14.80 | 198.39 | 213.19 | OK | |
r-devel-linux-x86_64-fedora-clang | 1.1.3 | 367.16 | NOTE | |||
r-devel-linux-x86_64-fedora-gcc | 1.1.3 | 334.03 | OK | |||
r-devel-windows-x86_64 | 1.1.3 | 16.00 | 291.00 | 307.00 | OK | |
r-patched-linux-x86_64 | 1.1.3 | 20.58 | 261.75 | 282.33 | OK | |
r-release-linux-x86_64 | 1.1.3 | 12.13 | 264.70 | 276.83 | OK | |
r-release-macos-arm64 | 1.1.3 | 123.00 | OK | |||
r-release-macos-x86_64 | 1.1.3 | 223.00 | OK | |||
r-release-windows-x86_64 | 1.1.3 | 21.00 | 306.00 | 327.00 | OK | |
r-oldrel-macos-arm64 | 1.1.3 | 104.00 | OK | |||
r-oldrel-macos-x86_64 | 1.1.2 | 846.00 | ERROR | |||
r-oldrel-windows-x86_64 | 1.1.3 | 21.00 | 298.00 | 319.00 | OK |
Version: 1.1.3
Check: Rd cross-references
Result: NOTE
Undeclared package ‘textrecipes’ in Rd xrefs
Flavor: r-devel-linux-x86_64-fedora-clang
Version: 1.1.2
Check: tests
Result: ERROR
Running ‘testthat.R’ [12m/13m]
Running the tests in ‘tests/testthat.R’ failed.
Last 13 lines of output:
1. ├─testthat::skip_if(is.null(tensorflow::tf_version())) at test-feature_hash.R:252:2
2. │ └─base::isTRUE(condition)
3. └─tensorflow::tf_version()
4. └─tensorflow::tf_config()
5. └─reticulate::py_config()
6. └─reticulate:::ensure_python_initialized()
7. └─reticulate:::initialize_python()
8. └─base::tryCatch(...)
9. └─base (local) tryCatchList(expr, classes, parentenv, handlers)
10. └─base (local) tryCatchOne(expr, names, parentenv, handlers[[1L]])
11. └─value[[3L]](cond)
[ FAIL 1 | WARN 34 | SKIP 83 | PASS 231 ]
Error: Test failures
Execution halted
Flavor: r-oldrel-macos-x86_64