Last updated on 2023-12-01 18:50:55 CET.
Flavor | Version | Tinstall | Tcheck | Ttotal | Status | Flags |
---|---|---|---|---|---|---|
r-devel-linux-x86_64-debian-clang | 1.3.13 | 11.29 | 99.83 | 111.12 | NOTE | |
r-devel-linux-x86_64-debian-gcc | 1.3.13 | 9.30 | 75.45 | 84.75 | NOTE | |
r-devel-linux-x86_64-fedora-clang | 1.3.13 | 132.31 | OK | |||
r-devel-linux-x86_64-fedora-gcc | 1.3.13 | 129.08 | OK | |||
r-devel-windows-x86_64 | 1.3.13 | 10.00 | 96.00 | 106.00 | OK | |
r-patched-linux-x86_64 | 1.3.13 | 13.41 | 96.97 | 110.38 | OK | |
r-release-linux-x86_64 | 1.3.13 | 11.42 | 97.27 | 108.69 | OK | |
r-release-macos-arm64 | 1.3.13 | 41.00 | OK | |||
r-release-macos-x86_64 | 1.3.13 | 105.00 | OK | |||
r-release-windows-x86_64 | 1.3.13 | 13.00 | 117.00 | 130.00 | OK | |
r-oldrel-macos-arm64 | 1.3.13 | 40.00 | OK | |||
r-oldrel-macos-x86_64 | 1.3.13 | 61.00 | OK | |||
r-oldrel-windows-x86_64 | 1.3.13 | 13.00 | 119.00 | 132.00 | OK |
Version: 1.3.13
Check: Rd files
Result: NOTE
checkRd: (-1) NEWS.Rd:194: Lost braces; missing escapes or markup?
194 | \item added {d,r}betabinom
| ^
Flavors: r-devel-linux-x86_64-debian-clang, r-devel-linux-x86_64-debian-gcc