Last updated on 2023-12-04 18:52:13 CET.
Flavor | Version | Tinstall | Tcheck | Ttotal | Status | Flags |
---|---|---|---|---|---|---|
r-devel-linux-x86_64-debian-clang | 1.0.0 | 29.73 | 29.78 | 59.51 | WARN | |
r-devel-linux-x86_64-debian-gcc | 1.0.0 | 21.39 | 23.59 | 44.98 | NOTE | |
r-devel-linux-x86_64-fedora-clang | 1.0.0 | 88.30 | WARN | |||
r-devel-linux-x86_64-fedora-gcc | 1.0.0 | 86.76 | NOTE | |||
r-devel-windows-x86_64 | 1.0.0 | 26.00 | 66.00 | 92.00 | NOTE | |
r-patched-linux-x86_64 | 1.0.0 | 26.44 | 29.19 | 55.63 | NOTE | |
r-release-linux-x86_64 | 1.0.0 | 27.35 | 29.28 | 56.63 | NOTE | |
r-release-macos-arm64 | 1.0.0 | 26.00 | NOTE | |||
r-release-macos-x86_64 | 1.0.0 | 45.00 | NOTE | |||
r-release-windows-x86_64 | 1.0.0 | 33.00 | 70.00 | 103.00 | NOTE | |
r-oldrel-macos-arm64 | 1.0.0 | 25.00 | NOTE | |||
r-oldrel-macos-x86_64 | 1.0.0 | 33.00 | NOTE | |||
r-oldrel-windows-x86_64 | 1.0.0 | 32.00 | 69.00 | 101.00 | NOTE |
Version: 1.0.0
Check: whether package can be installed
Result: WARN
Found the following significant warnings:
RcppExports.cpp:42:18: warning: format string is not a string literal (potentially insecure) [-Wformat-security]
RcppExports.cpp:77:18: warning: format string is not a string literal (potentially insecure) [-Wformat-security]
RcppExports.cpp:112:18: warning: format string is not a string literal (potentially insecure) [-Wformat-security]
RcppExports.cpp:147:18: warning: format string is not a string literal (potentially insecure) [-Wformat-security]
See ‘/home/hornik/tmp/R.check/r-devel-clang/Work/PKGS/empichar.Rcheck/00install.out’ for details.
* used C++ compiler: ‘Debian clang version 17.0.5 (1)’
Flavor: r-devel-linux-x86_64-debian-clang
Version: 1.0.0
Check: C++ specification
Result: NOTE
Specified C++11: please drop specification unless essential
Flavors: r-devel-linux-x86_64-debian-clang, r-devel-linux-x86_64-debian-gcc, r-devel-linux-x86_64-fedora-clang, r-devel-linux-x86_64-fedora-gcc, r-devel-windows-x86_64, r-patched-linux-x86_64, r-release-linux-x86_64, r-release-macos-arm64, r-release-macos-x86_64, r-release-windows-x86_64
Version: 1.0.0
Check: LazyData
Result: NOTE
'LazyData' is specified without a 'data' directory
Flavors: r-devel-linux-x86_64-debian-clang, r-devel-linux-x86_64-debian-gcc, r-devel-linux-x86_64-fedora-clang, r-devel-linux-x86_64-fedora-gcc, r-devel-windows-x86_64, r-patched-linux-x86_64, r-release-linux-x86_64, r-release-macos-arm64, r-release-macos-x86_64, r-release-windows-x86_64, r-oldrel-macos-arm64, r-oldrel-macos-x86_64, r-oldrel-windows-x86_64
Version: 1.0.0
Check: whether package can be installed
Result: WARN
Found the following significant warnings:
RcppExports.cpp:42:18: warning: format string is not a string literal (potentially insecure) [-Wformat-security]
RcppExports.cpp:77:18: warning: format string is not a string literal (potentially insecure) [-Wformat-security]
RcppExports.cpp:112:18: warning: format string is not a string literal (potentially insecure) [-Wformat-security]
RcppExports.cpp:147:18: warning: format string is not a string literal (potentially insecure) [-Wformat-security]
See ‘/data/gannet/ripley/R/packages/tests-clang/empichar.Rcheck/00install.out’ for details.
* used C++ compiler: ‘clang version 17.0.5’
Flavor: r-devel-linux-x86_64-fedora-clang