CRAN Package Check Results for Package emplikAUC

Last updated on 2024-04-22 21:52:42 CEST.

Flavor Version Tinstall Tcheck Ttotal Status Flags
r-devel-linux-x86_64-debian-clang 0.3 2.83 26.82 29.65 NOTE
r-devel-linux-x86_64-debian-gcc 0.3 2.31 20.85 23.16 NOTE
r-devel-linux-x86_64-fedora-clang 0.3 37.88 NOTE
r-devel-linux-x86_64-fedora-gcc 0.3 35.92 NOTE
r-prerel-macos-arm64 0.3 16.00 NOTE
r-prerel-windows-x86_64 0.3 3.00 45.00 48.00 NOTE
r-patched-linux-x86_64 0.3 3.05 26.13 29.18 NOTE
r-release-linux-x86_64 0.3 2.52 26.39 28.91 OK
r-release-macos-arm64 0.3 18.00 OK
r-release-macos-x86_64 0.3 21.00 OK
r-release-windows-x86_64 0.3 5.00 46.00 51.00 OK
r-oldrel-macos-arm64 0.3 19.00 OK
r-oldrel-windows-x86_64 0.3 4.00 48.00 52.00 OK

Check Details

Version: 0.3
Check: Rd files
Result: NOTE checkRd: (-1) emplikAUC-internal.Rd:23: Lost braces; missing escapes or markup? 23 | {u0} is {a vector of probabilities, length m, for the first (X) sample.} | ^ checkRd: (-1) emplikAUC-internal.Rd:23: Lost braces; missing escapes or markup? 23 | {u0} is {a vector of probabilities, length m, for the first (X) sample.} | ^ checkRd: (-1) emplikAUC-internal.Rd:25: Lost braces; missing escapes or markup? 25 | {v0} is {a vector of propabilities, length n, for the second (Y) sample.} | ^ checkRd: (-1) emplikAUC-internal.Rd:25: Lost braces; missing escapes or markup? 25 | {v0} is {a vector of propabilities, length n, for the second (Y) sample.} | ^ checkRd: (-1) emplikAUC-internal.Rd:27: Lost braces; missing escapes or markup? 27 | {indicmat} is {a Matrix (size m by n) of indicator function values: I[X[i] < Y[j]]. | ^ checkRd: (-1) emplikAUC-internal.Rd:27-28: Lost braces 27 | {indicmat} is {a Matrix (size m by n) of indicator function values: I[X[i] < Y[j]]. | ^ checkRd: (-1) emplikAUC-internal.Rd:30: Lost braces; missing escapes or markup? 30 | {tol.H0} is {The error bound for (checking) if satisfy \eqn{H_0}, must > 0.} | ^ checkRd: (-1) emplikAUC-internal.Rd:30: Lost braces 30 | {tol.H0} is {The error bound for (checking) if satisfy \eqn{H_0}, must > 0.} | ^ checkRd: (-1) emplikAUC-internal.Rd:38: Lost braces; missing escapes or markup? 38 | {u}, which is {the new u vector.} | ^ checkRd: (-1) emplikAUC-internal.Rd:38: Lost braces; missing escapes or markup? 38 | {u}, which is {the new u vector.} | ^ checkRd: (-1) emplikAUC-internal.Rd:40: Lost braces; missing escapes or markup? 40 | {v}, which is {the new v vector.} | ^ checkRd: (-1) emplikAUC-internal.Rd:40: Lost braces; missing escapes or markup? 40 | {v}, which is {the new v vector.} | ^ checkRd: (-1) emplikAUC-internal.Rd:42: Lost braces; missing escapes or markup? 42 | {lam}, which is {The solution lambda.} | ^ checkRd: (-1) emplikAUC-internal.Rd:42: Lost braces; missing escapes or markup? 42 | {lam}, which is {The solution lambda.} | ^ Flavors: r-devel-linux-x86_64-debian-clang, r-devel-linux-x86_64-debian-gcc, r-devel-linux-x86_64-fedora-clang, r-devel-linux-x86_64-fedora-gcc, r-prerel-macos-arm64, r-prerel-windows-x86_64, r-patched-linux-x86_64