Last updated on 2023-12-05 18:49:22 CET.
Flavor | Version | Tinstall | Tcheck | Ttotal | Status | Flags |
---|---|---|---|---|---|---|
r-devel-linux-x86_64-debian-clang | 1.1.0 | 15.75 | 116.06 | 131.81 | NOTE | |
r-devel-linux-x86_64-debian-gcc | 1.1.0 | 11.98 | 84.94 | 96.92 | NOTE | |
r-devel-linux-x86_64-fedora-clang | 1.1.0 | 167.02 | OK | |||
r-devel-linux-x86_64-fedora-gcc | 1.1.0 | 160.46 | OK | |||
r-devel-windows-x86_64 | 1.1.0 | 13.00 | 95.00 | 108.00 | OK | |
r-patched-linux-x86_64 | 1.1.0 | 10.63 | 109.66 | 120.29 | OK | |
r-release-linux-x86_64 | 1.1.0 | 11.63 | 110.96 | 122.59 | OK | |
r-release-macos-arm64 | 1.1.0 | 51.00 | OK | |||
r-release-macos-x86_64 | 1.1.0 | 76.00 | OK | |||
r-release-windows-x86_64 | 1.1.0 | 17.00 | 114.00 | 131.00 | OK | |
r-oldrel-macos-arm64 | 1.1.0 | 54.00 | OK | |||
r-oldrel-macos-x86_64 | 1.1.0 | 61.00 | OK | |||
r-oldrel-windows-x86_64 | 1.1.0 | 19.00 | 119.00 | 138.00 | OK |
Version: 1.1.0
Check: Rd files
Result: NOTE
checkRd: (-1) enetLTS-package.Rd:41: Lost braces; missing escapes or markup?
41 | \code{family="binomial"} should be a factor with two levels which is coded as \code{0} and {1}.
| ^
Flavors: r-devel-linux-x86_64-debian-clang, r-devel-linux-x86_64-debian-gcc