Last updated on 2023-12-10 18:52:09 CET.
Flavor | Version | Tinstall | Tcheck | Ttotal | Status | Flags |
---|---|---|---|---|---|---|
r-devel-linux-x86_64-debian-clang | 0.1.17 | 39.70 | 599.81 | 639.51 | NOTE | |
r-devel-linux-x86_64-debian-gcc | 0.1.17 | 31.58 | 445.41 | 476.99 | NOTE | |
r-devel-linux-x86_64-fedora-clang | 0.1.17 | 842.12 | NOTE | |||
r-devel-linux-x86_64-fedora-gcc | 0.1.17 | 849.46 | NOTE | |||
r-devel-windows-x86_64 | 0.1.17 | 30.00 | 402.00 | 432.00 | NOTE | |
r-patched-linux-x86_64 | 0.1.17 | 46.91 | 591.13 | 638.04 | NOTE | |
r-release-linux-x86_64 | 0.1.17 | 30.27 | 594.37 | 624.64 | NOTE | |
r-release-macos-arm64 | 0.1.17 | 254.00 | NOTE | |||
r-release-macos-x86_64 | 0.1.17 | 456.00 | NOTE | |||
r-release-windows-x86_64 | 0.1.17 | 40.00 | 491.00 | 531.00 | NOTE | |
r-oldrel-macos-arm64 | 0.1.17 | 225.00 | OK | |||
r-oldrel-macos-x86_64 | 0.1.17 | 632.00 | OK | |||
r-oldrel-windows-x86_64 | 0.1.17 | 42.00 | 513.00 | 555.00 | NOTE |
Version: 0.1.17
Check: package dependencies
Result: NOTE
Package suggested but not available for checking: ‘RStoolbox’
Flavors: r-devel-linux-x86_64-debian-clang, r-devel-linux-x86_64-debian-gcc, r-devel-linux-x86_64-fedora-clang, r-devel-linux-x86_64-fedora-gcc, r-devel-windows-x86_64, r-patched-linux-x86_64, r-release-linux-x86_64, r-release-macos-arm64, r-release-macos-x86_64, r-release-windows-x86_64, r-oldrel-windows-x86_64
Version: 0.1.17
Check: Rd \usage sections
Result: NOTE
Documented arguments not in \usage in Rd file 'div_plot.Rd':
‘plot_cols’
Documented arguments not in \usage in Rd file 'seq_plot.Rd':
‘plot_cols’
Functions with \usage entries need to have the appropriate \alias
entries, and all their arguments documented.
The \usage entries must correspond to syntactically valid R code.
See chapter ‘Writing R documentation files’ in the ‘Writing R
Extensions’ manual.
Flavors: r-devel-linux-x86_64-debian-clang, r-devel-linux-x86_64-debian-gcc, r-devel-linux-x86_64-fedora-clang, r-devel-linux-x86_64-fedora-gcc, r-devel-windows-x86_64