Last updated on 2023-11-29 18:48:45 CET.
Flavor | Version | Tinstall | Tcheck | Ttotal | Status | Flags |
---|---|---|---|---|---|---|
r-devel-linux-x86_64-debian-clang | 1.1.0 | 3.09 | 53.95 | 57.04 | NOTE | |
r-devel-linux-x86_64-debian-gcc | 1.1.0 | 2.05 | 38.43 | 40.48 | NOTE | |
r-devel-linux-x86_64-fedora-clang | 1.1.0 | 65.18 | OK | |||
r-devel-linux-x86_64-fedora-gcc | 1.1.0 | 72.87 | OK | |||
r-devel-windows-x86_64 | 1.1.0 | 3.00 | 65.00 | 68.00 | OK | |
r-patched-linux-x86_64 | 1.1.0 | 2.61 | 48.27 | 50.88 | OK | |
r-release-linux-x86_64 | 1.1.0 | 2.83 | 48.37 | 51.20 | OK | |
r-release-macos-arm64 | 1.1.0 | 31.00 | OK | |||
r-release-macos-x86_64 | 1.1.0 | 71.00 | OK | |||
r-release-windows-x86_64 | 1.1.0 | 5.00 | 70.00 | 75.00 | OK | |
r-oldrel-macos-arm64 | 1.1.0 | 30.00 | OK | |||
r-oldrel-macos-x86_64 | 1.1.0 | 40.00 | OK | |||
r-oldrel-windows-x86_64 | 1.1.0 | 5.00 | 73.00 | 78.00 | OK |
Version: 1.1.0
Check: Rd files
Result: NOTE
checkRd: (-1) misClustRate.Rd:18: Lost braces; missing escapes or markup?
18 | Compute the empirical MCR, assuming that #{cluster} = #{block},
| ^
checkRd: (-1) misClustRate.Rd:18: Lost braces; missing escapes or markup?
18 | Compute the empirical MCR, assuming that #{cluster} = #{block},
| ^
Flavors: r-devel-linux-x86_64-debian-clang, r-devel-linux-x86_64-debian-gcc