CRAN Package Check Results for Package eph

Last updated on 2023-12-09 18:54:15 CET.

Flavor Version Tinstall Tcheck Ttotal Status Flags
r-devel-linux-x86_64-debian-clang 1.0.0 6.62 141.74 148.36 OK
r-devel-linux-x86_64-debian-gcc 1.0.0 6.02 111.13 117.15 OK
r-devel-linux-x86_64-fedora-clang 1.0.0 184.53 NOTE
r-devel-linux-x86_64-fedora-gcc 1.0.0 182.90 NOTE
r-devel-windows-x86_64 1.0.0 8.00 154.00 162.00 OK
r-patched-linux-x86_64 1.0.0 6.54 137.63 144.17 OK
r-release-linux-x86_64 1.0.0 4.91 136.80 141.71 OK
r-release-macos-arm64 1.0.0 137.00 OK
r-release-macos-x86_64 1.0.0 188.00 OK
r-release-windows-x86_64 1.0.0 11.00 192.00 203.00 OK
r-oldrel-macos-arm64 1.0.0 117.00 OK
r-oldrel-macos-x86_64 1.0.0 142.00 OK
r-oldrel-windows-x86_64 1.0.0 11.00 174.00 185.00 OK

Check Details

Version: 1.0.0
Check: data for non-ASCII characters
Result: NOTE Note: found 1 marked Latin-1 string Note: found 1508 marked UTF-8 strings Flavors: r-devel-linux-x86_64-fedora-clang, r-devel-linux-x86_64-fedora-gcc