CRAN Package Check Results for Package epiCleanr

Last updated on 2024-02-25 18:51:23 CET.

Flavor Version Tinstall Tcheck Ttotal Status Flags
r-devel-linux-x86_64-debian-clang 0.2.0 8.83 72.08 80.91 NOTE
r-devel-linux-x86_64-debian-gcc 0.2.0 7.10 54.77 61.87 OK
r-devel-linux-x86_64-fedora-clang 0.2.0 104.78 NOTE
r-devel-linux-x86_64-fedora-gcc 0.2.0 106.17 OK
r-devel-windows-x86_64 0.2.0 8.00 79.00 87.00 NOTE
r-patched-linux-x86_64 0.2.0 10.91 69.06 79.97 OK
r-release-linux-x86_64 0.2.0 5.37 69.49 74.86 OK
r-release-macos-arm64 0.2.0 46.00 NOTE
r-release-macos-x86_64 0.2.0 87.00 NOTE
r-release-windows-x86_64 0.2.0 11.00 89.00 100.00 NOTE
r-oldrel-macos-arm64 0.2.0 40.00 NOTE
r-oldrel-windows-x86_64 0.2.0 11.00 96.00 107.00 NOTE

Check Details

Version: 0.2.0
Check: package dependencies
Result: NOTE Package suggested but not available for checking: ‘arrow’ Flavor: r-devel-linux-x86_64-debian-clang

Version: 0.2.0
Check: installed package size
Result: NOTE installed size is 5.6Mb sub-directories of 1Mb or more: doc 2.9Mb help 2.5Mb Flavors: r-devel-linux-x86_64-fedora-clang, r-devel-windows-x86_64, r-release-macos-arm64, r-release-macos-x86_64, r-release-windows-x86_64, r-oldrel-macos-arm64, r-oldrel-windows-x86_64