CRAN Package Check Results for Package epos

Last updated on 2023-11-28 18:49:16 CET.

Flavor Version Tinstall Tcheck Ttotal Status Flags
r-devel-linux-x86_64-debian-clang 1.0 8.01 92.04 100.05 OK
r-devel-linux-x86_64-debian-gcc 1.0 7.22 69.15 76.37 OK
r-devel-linux-x86_64-fedora-clang 1.0 125.45 NOTE
r-devel-linux-x86_64-fedora-gcc 1.0 117.32 NOTE
r-devel-windows-x86_64 1.0 10.00 99.00 109.00 OK
r-patched-linux-x86_64 1.0 9.30 85.49 94.79 OK
r-release-linux-x86_64 1.0 8.81 85.81 94.62 OK
r-release-macos-arm64 1.0 44.00 OK
r-release-macos-x86_64 1.0 65.00 OK
r-release-windows-x86_64 1.0 13.00 117.00 130.00 OK
r-oldrel-macos-arm64 1.0 54.00 NOTE
r-oldrel-macos-x86_64 1.0 88.00 NOTE
r-oldrel-windows-x86_64 1.0 13.00 117.00 130.00 OK

Check Details

Version: 1.0
Check: dependencies in R code
Result: NOTE Namespace in Imports field not imported from: ‘testthat’ All declared Imports should be used. Flavors: r-devel-linux-x86_64-fedora-clang, r-devel-linux-x86_64-fedora-gcc, r-oldrel-macos-arm64, r-oldrel-macos-x86_64

Version: 1.0
Check: data for non-ASCII characters
Result: NOTE Note: found 15 marked UTF-8 strings Flavors: r-devel-linux-x86_64-fedora-clang, r-devel-linux-x86_64-fedora-gcc, r-oldrel-macos-arm64, r-oldrel-macos-x86_64