Last updated on 2023-11-29 18:48:45 CET.
Flavor | Version | Tinstall | Tcheck | Ttotal | Status | Flags |
---|---|---|---|---|---|---|
r-devel-linux-x86_64-debian-clang | 0.6.1 | 4.31 | 49.48 | 53.79 | OK | |
r-devel-linux-x86_64-debian-gcc | 0.6.1 | 3.27 | 36.98 | 40.25 | OK | |
r-devel-linux-x86_64-fedora-clang | 0.6.1 | 66.71 | NOTE | |||
r-devel-linux-x86_64-fedora-gcc | 0.6.1 | 75.31 | OK | |||
r-devel-windows-x86_64 | 0.6.1 | 4.00 | 65.00 | 69.00 | OK | |
r-patched-linux-x86_64 | 0.6.1 | 4.08 | 47.79 | 51.87 | OK | |
r-release-linux-x86_64 | 0.6.1 | 4.83 | 47.94 | 52.77 | OK | |
r-release-macos-arm64 | 0.6.1 | 30.00 | OK | |||
r-release-macos-x86_64 | 0.6.1 | 48.00 | NOTE | |||
r-release-windows-x86_64 | 0.6.1 | 5.00 | 68.00 | 73.00 | OK | |
r-oldrel-macos-arm64 | 0.6.1 | 24.00 | OK | |||
r-oldrel-macos-x86_64 | 0.6.1 | 35.00 | OK | |||
r-oldrel-windows-x86_64 | 0.6.1 | 7.00 | 76.00 | 83.00 | OK |
Version: 0.6.1
Check: Rd cross-references
Result: NOTE
Undeclared package ‘OpenMx’ in Rd xrefs
Flavor: r-devel-linux-x86_64-fedora-clang
Version: 0.6.1
Check: package dependencies
Result: NOTE
Package suggested but not available for checking: ‘semTools’
Flavor: r-release-macos-x86_64
Version: 0.6.1
Check: Rd cross-references
Result: NOTE
Packages unavailable to check Rd xrefs: ‘OpenMx’, ‘semTools’
Flavor: r-release-macos-x86_64