Last updated on 2023-12-07 18:49:26 CET.
Flavor | Version | Tinstall | Tcheck | Ttotal | Status | Flags |
---|---|---|---|---|---|---|
r-devel-linux-x86_64-debian-clang | 1.0 | 3.82 | 53.68 | 57.50 | NOTE | |
r-devel-linux-x86_64-debian-gcc | 1.0 | 3.65 | 41.39 | 45.04 | NOTE | |
r-devel-linux-x86_64-fedora-clang | 1.0 | 72.23 | NOTE | |||
r-devel-linux-x86_64-fedora-gcc | 1.0 | 69.19 | NOTE | |||
r-devel-windows-x86_64 | 1.0 | 5.00 | 64.00 | 69.00 | NOTE | |
r-patched-linux-x86_64 | 1.0 | 5.05 | 53.74 | 58.79 | NOTE | |
r-release-linux-x86_64 | 1.0 | 4.63 | 52.45 | 57.08 | NOTE | |
r-release-macos-arm64 | 1.0 | 25.00 | NOTE | |||
r-release-macos-x86_64 | 1.0 | 42.00 | NOTE | |||
r-release-windows-x86_64 | 1.0 | 4.00 | 71.00 | 75.00 | NOTE | |
r-oldrel-macos-arm64 | 1.0 | 23.00 | NOTE | |||
r-oldrel-macos-x86_64 | 1.0 | 32.00 | NOTE | |||
r-oldrel-windows-x86_64 | 1.0 | 7.00 | 72.00 | 79.00 | NOTE |
Version: 1.0
Check: Rd files
Result: NOTE
checkRd: (-1) best_distribution.Rd:33: Lost braces in \itemize; meant \describe ?
checkRd: (-1) best_distribution.Rd:34: Lost braces in \itemize; meant \describe ?
checkRd: (-1) best_distribution.Rd:35: Lost braces in \itemize; meant \describe ?
checkRd: (-1) best_distribution.Rd:36: Lost braces in \itemize; meant \describe ?
checkRd: (-1) best_distribution.Rd:37: Lost braces in \itemize; meant \describe ?
checkRd: (-1) best_distribution.Rd:38: Lost braces in \itemize; meant \describe ?
checkRd: (-1) best_distribution.Rd:39: Lost braces in \itemize; meant \describe ?
checkRd: (-1) sort_distributions.Rd:36: Lost braces in \itemize; meant \describe ?
checkRd: (-1) sort_distributions.Rd:37: Lost braces in \itemize; meant \describe ?
checkRd: (-1) sort_distributions.Rd:38: Lost braces in \itemize; meant \describe ?
checkRd: (-1) sort_distributions.Rd:39: Lost braces in \itemize; meant \describe ?
checkRd: (-1) sort_distributions.Rd:40: Lost braces in \itemize; meant \describe ?
checkRd: (-1) sort_distributions.Rd:41: Lost braces in \itemize; meant \describe ?
checkRd: (-1) sort_distributions.Rd:42: Lost braces in \itemize; meant \describe ?
Flavors: r-devel-linux-x86_64-debian-clang, r-devel-linux-x86_64-debian-gcc
Version: 1.0
Check: Rd \usage sections
Result: NOTE
S3 methods shown with full name in Rd file 'summary.error_interval.Rd':
‘summary.error_interval’
S3 methods shown with full name in Rd file 'summary.measure.Rd':
‘summary.measure’
The \usage entries for S3 methods should use the \method markup and not
their full name.
See chapter ‘Writing R documentation files’ in the ‘Writing R
Extensions’ manual.
Flavors: r-devel-linux-x86_64-debian-clang, r-devel-linux-x86_64-debian-gcc, r-devel-linux-x86_64-fedora-clang, r-devel-linux-x86_64-fedora-gcc, r-devel-windows-x86_64
Version: 1.0
Check: LazyData
Result: NOTE
'LazyData' is specified without a 'data' directory
Flavors: r-devel-linux-x86_64-debian-clang, r-devel-linux-x86_64-debian-gcc, r-devel-linux-x86_64-fedora-clang, r-devel-linux-x86_64-fedora-gcc, r-devel-windows-x86_64, r-patched-linux-x86_64, r-release-linux-x86_64, r-release-macos-arm64, r-release-macos-x86_64, r-release-windows-x86_64, r-oldrel-macos-arm64, r-oldrel-macos-x86_64, r-oldrel-windows-x86_64
Version: 1.0
Check: Rd \usage sections
Result: NOTE
S3 methods shown with full name in documentation object 'summary.error_interval':
‘summary.error_interval’
S3 methods shown with full name in documentation object 'summary.measure':
‘summary.measure’
The \usage entries for S3 methods should use the \method markup and not
their full name.
See chapter ‘Writing R documentation files’ in the ‘Writing R
Extensions’ manual.
Flavors: r-patched-linux-x86_64, r-release-linux-x86_64, r-release-macos-arm64, r-release-macos-x86_64, r-release-windows-x86_64