Last updated on 2023-12-05 18:49:22 CET.
Flavor | Version | Tinstall | Tcheck | Ttotal | Status | Flags |
---|---|---|---|---|---|---|
r-devel-linux-x86_64-debian-clang | 0.5.1 | 3.82 | 30.54 | 34.36 | OK | |
r-devel-linux-x86_64-debian-gcc | 0.5.1 | 2.14 | 23.58 | 25.72 | OK | |
r-devel-linux-x86_64-fedora-clang | 0.5.1 | 42.74 | NOTE | |||
r-devel-linux-x86_64-fedora-gcc | 0.5.1 | 40.54 | OK | |||
r-devel-windows-x86_64 | 0.5.1 | 4.00 | 50.00 | 54.00 | OK | |
r-patched-linux-x86_64 | 0.5.1 | 4.22 | 30.25 | 34.47 | OK | |
r-release-linux-x86_64 | 0.5.1 | 3.80 | 29.64 | 33.44 | OK | |
r-release-macos-arm64 | 0.5.1 | 19.00 | OK | |||
r-release-macos-x86_64 | 0.5.1 | 23.00 | OK | |||
r-release-windows-x86_64 | 0.5.1 | 4.00 | 51.00 | 55.00 | OK | |
r-oldrel-macos-arm64 | 0.5.1 | 17.00 | OK | |||
r-oldrel-macos-x86_64 | 0.5.1 | 22.00 | OK | |||
r-oldrel-windows-x86_64 | 0.5.1 | 9.00 | 54.00 | 63.00 | OK |
Version: 0.5.1
Check: Rd cross-references
Result: NOTE
Undeclared package ‘metafor’ in Rd xrefs
Flavor: r-devel-linux-x86_64-fedora-clang