Last updated on 2023-11-28 18:49:16 CET.
Flavor | Version | Tinstall | Tcheck | Ttotal | Status | Flags |
---|---|---|---|---|---|---|
r-devel-linux-x86_64-debian-clang | 0.1.5 | 35.22 | 724.45 | 759.67 | OK | |
r-devel-linux-x86_64-debian-gcc | 0.1.5 | 29.93 | 544.40 | 574.33 | OK | |
r-devel-linux-x86_64-fedora-clang | 0.1.5 | 914.40 | NOTE | |||
r-devel-linux-x86_64-fedora-gcc | 0.1.5 | 949.56 | OK | |||
r-devel-windows-x86_64 | 0.1.5 | 26.00 | 539.00 | 565.00 | NOTE | |
r-patched-linux-x86_64 | 0.1.5 | 40.11 | 715.31 | 755.42 | OK | |
r-release-linux-x86_64 | 0.1.5 | 1.19 | 2.00 | 3.19 | ERROR | |
r-release-macos-arm64 | 0.1.5 | 204.00 | NOTE | |||
r-release-macos-x86_64 | 0.1.5 | 413.00 | NOTE | |||
r-release-windows-x86_64 | 0.1.5 | 34.00 | 688.00 | 722.00 | NOTE | |
r-oldrel-macos-arm64 | 0.1.5 | 202.00 | NOTE | |||
r-oldrel-macos-x86_64 | 0.1.5 | 256.00 | NOTE | |||
r-oldrel-windows-x86_64 | 0.1.5 | 38.00 | 682.00 | 720.00 | NOTE |
Version: 0.1.5
Check: installed package size
Result: NOTE
installed size is 13.7Mb
sub-directories of 1Mb or more:
doc 13.1Mb
Flavors: r-devel-linux-x86_64-fedora-clang, r-devel-windows-x86_64, r-release-macos-arm64, r-release-macos-x86_64, r-release-windows-x86_64, r-oldrel-macos-arm64, r-oldrel-macos-x86_64, r-oldrel-windows-x86_64
Version: 0.1.5
Check: package dependencies
Result: ERROR
Package required but not available: ‘trialr’
See section ‘The DESCRIPTION file’ in the ‘Writing R Extensions’
manual.
Flavor: r-release-linux-x86_64