CRAN Package Check Results for Package estimraw

Last updated on 2023-12-02 18:53:40 CET.

Flavor Version Tinstall Tcheck Ttotal Status Flags
r-devel-linux-x86_64-debian-clang 1.0.0 5.61 41.84 47.45 NOTE
r-devel-linux-x86_64-debian-gcc 1.0.0 4.50 31.11 35.61 NOTE
r-devel-linux-x86_64-fedora-clang 1.0.0 57.03 NOTE
r-devel-linux-x86_64-fedora-gcc 1.0.0 54.42 NOTE
r-devel-windows-x86_64 1.0.0 5.00 51.00 56.00 NOTE
r-patched-linux-x86_64 1.0.0 4.36 38.99 43.35 NOTE
r-release-linux-x86_64 1.0.0 4.53 39.89 44.42 NOTE
r-release-macos-arm64 1.0.0 21.00 NOTE
r-release-macos-x86_64 1.0.0 32.00 NOTE
r-release-windows-x86_64 1.0.0 8.00 54.00 62.00 NOTE
r-oldrel-macos-arm64 1.0.0 21.00 NOTE
r-oldrel-macos-x86_64 1.0.0 39.00 NOTE
r-oldrel-windows-x86_64 1.0.0 8.00 58.00 66.00 NOTE

Check Details

Version: 1.0.0
Check: LazyData
Result: NOTE 'LazyData' is specified without a 'data' directory Flavors: r-devel-linux-x86_64-debian-clang, r-devel-linux-x86_64-debian-gcc, r-devel-linux-x86_64-fedora-clang, r-devel-linux-x86_64-fedora-gcc, r-devel-windows-x86_64, r-patched-linux-x86_64, r-release-linux-x86_64, r-release-macos-arm64, r-release-macos-x86_64, r-release-windows-x86_64, r-oldrel-macos-arm64, r-oldrel-macos-x86_64, r-oldrel-windows-x86_64