CRAN Package Check Results for Package estimraw

Last updated on 2024-06-13 20:49:07 CEST.

Flavor Version Tinstall Tcheck Ttotal Status Flags
r-devel-linux-x86_64-debian-clang 1.0.0 5.17 42.61 47.78 NOTE
r-devel-linux-x86_64-debian-gcc 1.0.0 0.33 1.67 2.00 ERROR
r-devel-linux-x86_64-fedora-clang 1.0.0 59.90 NOTE
r-devel-linux-x86_64-fedora-gcc 1.0.0 54.91 NOTE
r-devel-windows-x86_64 1.0.0 5.00 48.00 53.00 NOTE
r-patched-linux-x86_64 1.0.0 3.64 39.26 42.90 NOTE
r-release-linux-x86_64 1.0.0 5.79 39.78 45.57 NOTE
r-release-macos-arm64 1.0.0 19.00 NOTE
r-release-macos-x86_64 1.0.0 31.00 NOTE
r-release-windows-x86_64 1.0.0 5.00 51.00 56.00 NOTE
r-oldrel-macos-arm64 1.0.0 21.00 NOTE
r-oldrel-macos-x86_64 1.0.0 32.00 NOTE
r-oldrel-windows-x86_64 1.0.0 7.00 54.00 61.00 NOTE

Check Details

Version: 1.0.0
Check: LazyData
Result: NOTE 'LazyData' is specified without a 'data' directory Flavors: r-devel-linux-x86_64-debian-clang, r-devel-linux-x86_64-fedora-clang, r-devel-linux-x86_64-fedora-gcc, r-devel-windows-x86_64, r-patched-linux-x86_64, r-release-linux-x86_64, r-release-macos-arm64, r-release-macos-x86_64, r-release-windows-x86_64, r-oldrel-macos-arm64, r-oldrel-macos-x86_64, r-oldrel-windows-x86_64

Version: 1.0.0
Check: package dependencies
Result: ERROR Package required but not available: ‘dplyr’ See section ‘The DESCRIPTION file’ in the ‘Writing R Extensions’ manual. Flavor: r-devel-linux-x86_64-debian-gcc