CRAN Package Check Results for Package etma

Last updated on 2023-11-30 18:49:28 CET.

Flavor Version Tinstall Tcheck Ttotal Status Flags
r-devel-linux-x86_64-debian-clang 1.1-1 2.68 31.13 33.81 NOTE
r-devel-linux-x86_64-debian-gcc 1.1-1 2.43 23.34 25.77 NOTE
r-devel-linux-x86_64-fedora-clang 1.1-1 41.61 NOTE
r-devel-linux-x86_64-fedora-gcc 1.1-1 53.79 NOTE
r-devel-windows-x86_64 1.1-1 3.00 47.00 50.00 NOTE
r-patched-linux-x86_64 1.1-1 2.92 30.27 33.19 OK
r-release-linux-x86_64 1.1-1 3.17 29.05 32.22 OK
r-release-macos-arm64 1.1-1 23.00 OK
r-release-macos-x86_64 1.1-1 35.00 OK
r-release-windows-x86_64 1.1-1 5.00 48.00 53.00 OK
r-oldrel-macos-arm64 1.1-1 19.00 OK
r-oldrel-macos-x86_64 1.1-1 25.00 OK
r-oldrel-windows-x86_64 1.1-1 5.00 53.00 58.00 OK

Check Details

Version: 1.1-1
Check: package namespace information
Result: NOTE Found export directive that requires package ‘methods’: ‘exportClasses’ Remove all such namespace directives (if obsolete) or ensure that the DESCRIPTION Depends or Imports field contains ‘methods’. Flavors: r-devel-linux-x86_64-debian-clang, r-devel-linux-x86_64-debian-gcc, r-devel-linux-x86_64-fedora-clang, r-devel-linux-x86_64-fedora-gcc, r-devel-windows-x86_64