Last updated on 2023-12-04 18:52:14 CET.
Flavor | Version | Tinstall | Tcheck | Ttotal | Status | Flags |
---|---|---|---|---|---|---|
r-devel-linux-x86_64-debian-clang | 0.1.5 | 7.30 | 109.69 | 116.99 | NOTE | |
r-devel-linux-x86_64-debian-gcc | 0.1.5 | 6.54 | 81.51 | 88.05 | NOTE | |
r-devel-linux-x86_64-fedora-clang | 0.1.5 | 143.01 | OK | |||
r-devel-linux-x86_64-fedora-gcc | 0.1.5 | 137.95 | OK | |||
r-devel-windows-x86_64 | 0.1.5 | 8.00 | 96.00 | 104.00 | OK | |
r-patched-linux-x86_64 | 0.1.5 | 7.68 | 104.91 | 112.59 | OK | |
r-release-linux-x86_64 | 0.1.5 | 9.19 | 101.49 | 110.68 | OK | |
r-release-macos-arm64 | 0.1.5 | 43.00 | OK | |||
r-release-macos-x86_64 | 0.1.5 | 67.00 | OK | |||
r-release-windows-x86_64 | 0.1.5 | 11.00 | 119.00 | 130.00 | OK | |
r-oldrel-macos-arm64 | 0.1.5 | 47.00 | OK | |||
r-oldrel-macos-x86_64 | 0.1.5 | 59.00 | OK | |||
r-oldrel-windows-x86_64 | 0.1.5 | 11.00 | 113.00 | 124.00 | OK |
Version: 0.1.5
Check: Rd files
Result: NOTE
checkRd: (-1) get_wcs_limit.Rd:55: Lost braces; missing escapes or markup?
55 | difference(s) between \code{rl} and {sl}, if \code{xform[2] != "no"} on
| ^
checkRd: (-1) get_wcs_limit.Rd:58: Lost braces; missing escapes or markup?
58 | difference(s) between \code{rl} and {sl} on the original scale.}
| ^
Flavors: r-devel-linux-x86_64-debian-clang, r-devel-linux-x86_64-debian-gcc