Last updated on 2023-11-30 18:49:29 CET.
Flavor | Version | Tinstall | Tcheck | Ttotal | Status | Flags |
---|---|---|---|---|---|---|
r-devel-linux-x86_64-debian-clang | 2.3.3 | 4.84 | 56.94 | 61.78 | NOTE | |
r-devel-linux-x86_64-debian-gcc | 2.3.3 | 4.51 | 46.03 | 50.54 | NOTE | |
r-devel-linux-x86_64-fedora-clang | 2.3.3 | 82.48 | NOTE | |||
r-devel-linux-x86_64-fedora-gcc | 2.3.3 | 90.01 | NOTE | |||
r-devel-windows-x86_64 | 2.3.3 | 6.00 | 82.00 | 88.00 | NOTE | |
r-patched-linux-x86_64 | 2.3.3 | 5.87 | 56.79 | 62.66 | NOTE | |
r-release-linux-x86_64 | 2.3.3 | 6.23 | 56.38 | 62.61 | NOTE | |
r-release-macos-arm64 | 2.3.3 | 37.00 | NOTE | |||
r-release-macos-x86_64 | 2.3.3 | 63.00 | NOTE | |||
r-release-windows-x86_64 | 2.3.3 | 8.00 | 80.00 | 88.00 | NOTE | |
r-oldrel-macos-arm64 | 2.3.3 | 34.00 | OK | |||
r-oldrel-macos-x86_64 | 2.3.3 | 52.00 | OK | |||
r-oldrel-windows-x86_64 | 2.3.3 | 8.00 | 80.00 | 88.00 | OK |
Version: 2.3.3
Check: Rd files
Result: NOTE
checkRd: (-1) outlierPlot.Rd:30: Escaped LaTeX specials: \$
checkRd: (-1) outlierPlot.Rd:32: Escaped LaTeX specials: \$
Flavors: r-devel-linux-x86_64-debian-clang, r-devel-linux-x86_64-debian-gcc, r-devel-linux-x86_64-fedora-clang, r-devel-linux-x86_64-fedora-gcc, r-devel-windows-x86_64, r-patched-linux-x86_64, r-release-linux-x86_64, r-release-macos-arm64, r-release-macos-x86_64, r-release-windows-x86_64
Version: 2.3.3
Check: Rd \usage sections
Result: NOTE
Documented arguments not in \usage in Rd file 'getQQLimit.Rd':
‘N’ ‘rho’
Functions with \usage entries need to have the appropriate \alias
entries, and all their arguments documented.
The \usage entries must correspond to syntactically valid R code.
See chapter ‘Writing R documentation files’ in the ‘Writing R
Extensions’ manual.
Flavors: r-devel-linux-x86_64-debian-clang, r-devel-linux-x86_64-debian-gcc, r-devel-linux-x86_64-fedora-clang, r-devel-linux-x86_64-fedora-gcc, r-devel-windows-x86_64