Last updated on 2023-12-06 18:52:43 CET.
Flavor | Version | Tinstall | Tcheck | Ttotal | Status | Flags |
---|---|---|---|---|---|---|
r-devel-linux-x86_64-debian-clang | 0.2.0 | 8.44 | 79.76 | 88.20 | NOTE | |
r-devel-linux-x86_64-debian-gcc | 0.2.0 | 6.90 | 60.67 | 67.57 | NOTE | |
r-devel-linux-x86_64-fedora-clang | 0.2.0 | 106.93 | NOTE | |||
r-devel-linux-x86_64-fedora-gcc | 0.2.0 | 115.09 | NOTE | |||
r-devel-windows-x86_64 | 0.2.0 | 8.00 | 87.00 | 95.00 | NOTE | |
r-patched-linux-x86_64 | 0.2.0 | 8.69 | 74.95 | 83.64 | NOTE | |
r-release-linux-x86_64 | 0.2.0 | 7.64 | 74.86 | 82.50 | NOTE | |
r-release-macos-arm64 | 0.2.0 | 43.00 | NOTE | |||
r-release-macos-x86_64 | 0.2.0 | 61.00 | NOTE | |||
r-release-windows-x86_64 | 0.2.0 | 10.00 | 92.00 | 102.00 | NOTE | |
r-oldrel-macos-arm64 | 0.2.0 | 36.00 | OK | |||
r-oldrel-macos-x86_64 | 0.2.0 | 50.00 | OK | |||
r-oldrel-windows-x86_64 | 0.2.0 | 10.00 | 92.00 | 102.00 | OK |
Version: 0.2.0
Check: package subdirectories
Result: NOTE
Problems with news in ‘NEWS.md’:
Cannot extract version info from the following section titles:
minor changes
Flavors: r-devel-linux-x86_64-debian-clang, r-devel-linux-x86_64-debian-gcc, r-devel-linux-x86_64-fedora-clang, r-devel-linux-x86_64-fedora-gcc, r-devel-windows-x86_64, r-patched-linux-x86_64, r-release-linux-x86_64, r-release-macos-arm64, r-release-macos-x86_64, r-release-windows-x86_64