CRAN Package Check Results for Package faoutlier

Last updated on 2024-07-17 20:56:59 CEST.

Flavor Version Tinstall Tcheck Ttotal Status Flags
r-devel-linux-x86_64-debian-clang 0.7.6 10.61 101.10 111.71 NOTE
r-devel-linux-x86_64-debian-gcc 0.7.6 9.38 75.50 84.88 NOTE
r-devel-linux-x86_64-fedora-clang 0.7.6 141.83 NOTE
r-devel-linux-x86_64-fedora-gcc 0.7.6 132.71 NOTE
r-devel-windows-x86_64 0.7.6 11.00 89.00 100.00 NOTE
r-patched-linux-x86_64 0.7.6 13.45 95.76 109.21 NOTE
r-release-linux-x86_64 0.7.6 12.71 96.50 109.21 NOTE
r-release-macos-arm64 0.7.6 42.00 NOTE
r-release-macos-x86_64 0.7.6 58.00 NOTE
r-release-windows-x86_64 0.7.6 11.00 89.00 100.00 NOTE
r-oldrel-macos-arm64 0.7.6 50.00 NOTE
r-oldrel-macos-x86_64 0.7.6 73.00 NOTE
r-oldrel-windows-x86_64 0.7.6 15.00 113.00 128.00 NOTE

Check Details

Version: 0.7.6
Check: package subdirectories
Result: NOTE Problems with news in ‘NEWS.md’: No news entries found. Flavors: r-devel-linux-x86_64-debian-clang, r-devel-linux-x86_64-debian-gcc, r-devel-linux-x86_64-fedora-clang, r-devel-linux-x86_64-fedora-gcc, r-devel-windows-x86_64, r-patched-linux-x86_64, r-release-linux-x86_64, r-release-macos-arm64, r-release-macos-x86_64, r-release-windows-x86_64, r-oldrel-macos-arm64, r-oldrel-macos-x86_64, r-oldrel-windows-x86_64

Version: 0.7.6
Check: Rd cross-references
Result: NOTE Found the following Rd file(s) with Rd \link{} targets missing package anchors: robustMD.Rd: cov.rob Please provide package anchors for all Rd \link{} targets not in the package itself and the base packages. Flavor: r-devel-windows-x86_64