CRAN Package Check Results for Package faoutlier

Last updated on 2023-12-10 18:52:10 CET.

Flavor Version Tinstall Tcheck Ttotal Status Flags
r-devel-linux-x86_64-debian-clang 0.7.6 12.66 98.05 110.71 NOTE
r-devel-linux-x86_64-debian-gcc 0.7.6 10.95 76.10 87.05 NOTE
r-devel-linux-x86_64-fedora-clang 0.7.6 140.93 NOTE
r-devel-linux-x86_64-fedora-gcc 0.7.6 134.99 NOTE
r-devel-windows-x86_64 0.7.6 12.00 90.00 102.00 NOTE
r-patched-linux-x86_64 0.7.6 11.63 99.09 110.72 NOTE
r-release-linux-x86_64 0.7.6 11.41 98.90 110.31 NOTE
r-release-macos-arm64 0.7.6 50.00 NOTE
r-release-macos-x86_64 0.7.6 73.00 NOTE
r-release-windows-x86_64 0.7.6 17.00 107.00 124.00 NOTE
r-oldrel-macos-arm64 0.7.6 42.00 OK
r-oldrel-macos-x86_64 0.7.6 71.00 OK
r-oldrel-windows-x86_64 0.7.6 15.00 110.00 125.00 OK

Check Details

Version: 0.7.6
Check: package subdirectories
Result: NOTE Problems with news in ‘NEWS.md’: No news entries found. Flavors: r-devel-linux-x86_64-debian-clang, r-devel-linux-x86_64-debian-gcc, r-devel-linux-x86_64-fedora-clang, r-devel-linux-x86_64-fedora-gcc, r-devel-windows-x86_64, r-patched-linux-x86_64, r-release-linux-x86_64, r-release-macos-arm64, r-release-macos-x86_64, r-release-windows-x86_64