CRAN Package Check Results for Package fastadi

Last updated on 2025-01-22 20:49:29 CET.

Flavor Version Tinstall Tcheck Ttotal Status Flags
r-devel-linux-x86_64-debian-clang 0.1.1 67.44 128.94 196.38 NOTE
r-devel-linux-x86_64-debian-gcc 0.1.1 43.60 108.08 151.68 NOTE
r-devel-linux-x86_64-fedora-clang 0.1.1 338.82 NOTE
r-devel-linux-x86_64-fedora-gcc 0.1.1 337.16 NOTE
r-devel-windows-x86_64 0.1.1 72.00 153.00 225.00 NOTE
r-patched-linux-x86_64 0.1.1 62.08 136.65 198.73 NOTE
r-release-linux-x86_64 0.1.1 63.48 134.22 197.70 NOTE
r-release-macos-arm64 0.1.1 102.00 NOTE
r-release-macos-x86_64 0.1.1 130.00 NOTE
r-release-windows-x86_64 0.1.1 71.00 149.00 220.00 NOTE
r-oldrel-macos-arm64 0.1.1 116.00 NOTE
r-oldrel-macos-x86_64 0.1.1 183.00 NOTE
r-oldrel-windows-x86_64 0.1.1 80.00 181.00 261.00 NOTE

Check Details

Version: 0.1.1
Check: C++ specification
Result: NOTE Specified C++11: please drop specification unless essential Flavors: r-devel-linux-x86_64-debian-clang, r-devel-linux-x86_64-debian-gcc, r-devel-linux-x86_64-fedora-clang, r-devel-linux-x86_64-fedora-gcc, r-devel-windows-x86_64, r-patched-linux-x86_64, r-release-linux-x86_64, r-release-macos-arm64, r-release-macos-x86_64, r-release-windows-x86_64, r-oldrel-macos-arm64, r-oldrel-macos-x86_64, r-oldrel-windows-x86_64