CRAN Package Check Results for Package fastglm

Last updated on 2024-02-25 18:51:24 CET.

Flavor Version Tinstall Tcheck Ttotal Status Flags
r-devel-linux-x86_64-debian-clang 0.0.3 118.48 68.31 186.79 NOTE
r-devel-linux-x86_64-debian-gcc 0.0.3 106.93 55.42 162.35 NOTE
r-devel-linux-x86_64-fedora-clang 0.0.3 248.79 NOTE
r-devel-linux-x86_64-fedora-gcc 0.0.3 307.42 NOTE
r-devel-windows-x86_64 0.0.3 98.00 100.00 198.00 NOTE
r-patched-linux-x86_64 0.0.3 137.04 71.06 208.10 NOTE
r-release-linux-x86_64 0.0.3 140.10 69.60 209.70 NOTE
r-release-macos-arm64 0.0.3 103.00 NOTE
r-release-macos-x86_64 0.0.3 151.00 NOTE
r-release-windows-x86_64 0.0.3 119.00 115.00 234.00 NOTE
r-oldrel-macos-arm64 0.0.3 91.00 NOTE
r-oldrel-windows-x86_64 0.0.3 114.00 114.00 228.00 OK

Check Details

Version: 0.0.3
Check: C++ specification
Result: NOTE Specified C++11: please drop specification unless essential Flavors: r-devel-linux-x86_64-debian-clang, r-devel-linux-x86_64-debian-gcc, r-devel-linux-x86_64-fedora-clang, r-devel-linux-x86_64-fedora-gcc, r-devel-windows-x86_64, r-patched-linux-x86_64, r-release-linux-x86_64, r-release-macos-arm64, r-release-macos-x86_64, r-release-windows-x86_64

Version: 0.0.3
Check: installed package size
Result: NOTE installed size is 47.4Mb sub-directories of 1Mb or more: libs 47.2Mb Flavors: r-release-macos-arm64, r-release-macos-x86_64, r-oldrel-macos-arm64