Last updated on 2023-12-05 18:49:23 CET.
Flavor | Version | Tinstall | Tcheck | Ttotal | Status | Flags |
---|---|---|---|---|---|---|
r-devel-linux-x86_64-debian-clang | 0.2.1 | 24.31 | 30.69 | 55.00 | NOTE | |
r-devel-linux-x86_64-debian-gcc | 0.2.1 | 17.57 | 23.94 | 41.51 | NOTE | |
r-devel-linux-x86_64-fedora-clang | 0.2.1 | 78.50 | NOTE | |||
r-devel-linux-x86_64-fedora-gcc | 0.2.1 | 75.98 | NOTE | |||
r-devel-windows-x86_64 | 0.2.1 | 23.00 | 65.00 | 88.00 | NOTE | |
r-patched-linux-x86_64 | 0.2.1 | 22.57 | 30.45 | 53.02 | NOTE | |
r-release-linux-x86_64 | 0.2.1 | 20.07 | 30.80 | 50.87 | NOTE | |
r-release-macos-arm64 | 0.2.1 | 26.00 | NOTE | |||
r-release-macos-x86_64 | 0.2.1 | 39.00 | NOTE | |||
r-release-windows-x86_64 | 0.2.1 | 23.00 | 71.00 | 94.00 | NOTE | |
r-oldrel-macos-arm64 | 0.2.1 | 27.00 | NOTE | |||
r-oldrel-macos-x86_64 | 0.2.1 | 34.00 | NOTE | |||
r-oldrel-windows-x86_64 | 0.2.1 | 26.00 | 73.00 | 99.00 | NOTE |
Version: 0.2.1
Check: C++ specification
Result: NOTE
Specified C++11: please drop specification unless essential
Flavors: r-devel-linux-x86_64-debian-clang, r-devel-linux-x86_64-debian-gcc, r-devel-linux-x86_64-fedora-clang, r-devel-linux-x86_64-fedora-gcc, r-devel-windows-x86_64, r-patched-linux-x86_64, r-release-linux-x86_64, r-release-macos-arm64, r-release-macos-x86_64, r-release-windows-x86_64
Version: 0.2.1
Check: LazyData
Result: NOTE
'LazyData' is specified without a 'data' directory
Flavors: r-devel-linux-x86_64-debian-clang, r-devel-linux-x86_64-debian-gcc, r-devel-linux-x86_64-fedora-clang, r-devel-linux-x86_64-fedora-gcc, r-devel-windows-x86_64, r-patched-linux-x86_64, r-release-linux-x86_64, r-release-macos-arm64, r-release-macos-x86_64, r-release-windows-x86_64, r-oldrel-macos-arm64, r-oldrel-macos-x86_64, r-oldrel-windows-x86_64