Last updated on 2023-12-04 18:52:14 CET.
Flavor | Version | Tinstall | Tcheck | Ttotal | Status | Flags |
---|---|---|---|---|---|---|
r-devel-linux-x86_64-debian-clang | 1.0.0 | 5.92 | 43.95 | 49.87 | NOTE | |
r-devel-linux-x86_64-debian-gcc | 1.0.0 | 4.69 | 33.56 | 38.25 | NOTE | |
r-devel-linux-x86_64-fedora-clang | 1.0.0 | 61.88 | NOTE | |||
r-devel-linux-x86_64-fedora-gcc | 1.0.0 | 59.24 | NOTE | |||
r-devel-windows-x86_64 | 1.0.0 | 7.00 | 59.00 | 66.00 | NOTE | |
r-patched-linux-x86_64 | 1.0.0 | 4.09 | 42.94 | 47.03 | NOTE | |
r-release-linux-x86_64 | 1.0.0 | 3.72 | 43.75 | 47.47 | NOTE | |
r-release-macos-arm64 | 1.0.0 | 24.00 | NOTE | |||
r-release-macos-x86_64 | 1.0.0 | 34.00 | NOTE | |||
r-release-windows-x86_64 | 1.0.0 | 8.00 | 64.00 | 72.00 | NOTE | |
r-oldrel-macos-arm64 | 1.0.0 | 22.00 | NOTE | |||
r-oldrel-macos-x86_64 | 1.0.0 | 40.00 | NOTE | |||
r-oldrel-windows-x86_64 | 1.0.0 | 9.00 | 63.00 | 72.00 | NOTE |
Version: 1.0.0
Check: LazyData
Result: NOTE
'LazyData' is specified without a 'data' directory
Flavors: r-devel-linux-x86_64-debian-clang, r-devel-linux-x86_64-debian-gcc, r-devel-linux-x86_64-fedora-clang, r-devel-linux-x86_64-fedora-gcc, r-devel-windows-x86_64, r-patched-linux-x86_64, r-release-linux-x86_64, r-release-macos-arm64, r-release-macos-x86_64, r-release-windows-x86_64, r-oldrel-macos-arm64, r-oldrel-macos-x86_64, r-oldrel-windows-x86_64