Last updated on 2023-12-04 00:52:40 CET.
Flavor | Version | Tinstall | Tcheck | Ttotal | Status | Flags |
---|---|---|---|---|---|---|
r-devel-linux-x86_64-debian-clang | 0.1.0 | 165.61 | 158.86 | 324.47 | NOTE | |
r-devel-linux-x86_64-debian-gcc | 0.1.0 | 129.83 | 122.55 | 252.38 | NOTE | |
r-devel-linux-x86_64-fedora-clang | 0.1.0 | 412.58 | NOTE | |||
r-devel-linux-x86_64-fedora-gcc | 0.1.0 | 459.41 | NOTE | |||
r-devel-windows-x86_64 | 0.1.0 | 130.00 | 151.00 | 281.00 | NOTE | |
r-patched-linux-x86_64 | 0.1.0 | 112.67 | 158.41 | 271.08 | NOTE | |
r-release-linux-x86_64 | 0.1.0 | 125.89 | 156.38 | 282.27 | NOTE | |
r-release-macos-arm64 | 0.1.0 | 102.00 | NOTE | |||
r-release-macos-x86_64 | 0.1.0 | 144.00 | NOTE | |||
r-release-windows-x86_64 | 0.1.0 | 169.00 | 175.00 | 344.00 | NOTE | |
r-oldrel-macos-arm64 | 0.1.0 | 98.00 | NOTE | |||
r-oldrel-macos-x86_64 | 0.1.0 | 187.00 | NOTE | |||
r-oldrel-windows-x86_64 | 0.1.0 | 148.00 | 170.00 | 318.00 | NOTE |
Version: 0.1.0
Check: for GNU extensions in Makefiles
Result: NOTE
GNU make is a SystemRequirements.
Flavors: r-devel-linux-x86_64-debian-clang, r-devel-linux-x86_64-debian-gcc, r-devel-linux-x86_64-fedora-clang, r-devel-linux-x86_64-fedora-gcc, r-devel-windows-x86_64, r-patched-linux-x86_64, r-release-linux-x86_64, r-release-macos-arm64, r-release-macos-x86_64, r-release-windows-x86_64, r-oldrel-macos-arm64, r-oldrel-macos-x86_64, r-oldrel-windows-x86_64
Version: 0.1.0
Check: dependencies in R code
Result: NOTE
Namespaces in Imports field not imported from:
‘RcppParallel’ ‘rstantools’
All declared Imports should be used.
Flavors: r-devel-linux-x86_64-fedora-clang, r-devel-linux-x86_64-fedora-gcc, r-oldrel-macos-arm64, r-oldrel-macos-x86_64
Version: 0.1.0
Check: installed package size
Result: NOTE
installed size is 34.1Mb
sub-directories of 1Mb or more:
libs 33.6Mb
Flavors: r-release-macos-arm64, r-release-macos-x86_64, r-oldrel-macos-arm64, r-oldrel-macos-x86_64