CRAN Package Check Results for Package feather

Last updated on 2023-12-04 00:52:40 CET.

Flavor Version Tinstall Tcheck Ttotal Status Flags
r-devel-linux-x86_64-debian-clang 0.3.5 55.20 44.06 99.26 NOTE
r-devel-linux-x86_64-debian-gcc 0.3.5 39.79 34.12 73.91 NOTE
r-devel-linux-x86_64-fedora-clang 0.3.5 148.31 NOTE
r-devel-linux-x86_64-fedora-gcc 0.3.5 137.90 NOTE
r-devel-windows-x86_64 0.3.5 46.00 71.00 117.00 NOTE
r-patched-linux-x86_64 0.3.5 48.83 43.18 92.01 NOTE
r-release-linux-x86_64 0.3.5 46.22 43.59 89.81 NOTE
r-release-macos-arm64 0.3.5 43.00 NOTE
r-release-macos-x86_64 0.3.5 65.00 NOTE
r-release-windows-x86_64 0.3.5 57.00 82.00 139.00 NOTE
r-oldrel-macos-arm64 0.3.5 38.00 NOTE
r-oldrel-macos-x86_64 0.3.5 49.00 NOTE
r-oldrel-windows-x86_64 0.3.5 54.00 80.00 134.00 NOTE

Check Details

Version: 0.3.5
Check: C++ specification
Result: NOTE Specified C++11: please drop specification unless essential Flavors: r-devel-linux-x86_64-debian-clang, r-devel-linux-x86_64-debian-gcc, r-devel-linux-x86_64-fedora-clang, r-devel-linux-x86_64-fedora-gcc, r-devel-windows-x86_64, r-patched-linux-x86_64, r-release-linux-x86_64, r-release-macos-arm64, r-release-macos-x86_64, r-release-windows-x86_64

Version: 0.3.5
Check: LazyData
Result: NOTE 'LazyData' is specified without a 'data' directory Flavors: r-devel-linux-x86_64-debian-clang, r-devel-linux-x86_64-debian-gcc, r-devel-linux-x86_64-fedora-clang, r-devel-linux-x86_64-fedora-gcc, r-devel-windows-x86_64, r-patched-linux-x86_64, r-release-linux-x86_64, r-release-macos-arm64, r-release-macos-x86_64, r-release-windows-x86_64, r-oldrel-macos-arm64, r-oldrel-macos-x86_64, r-oldrel-windows-x86_64