CRAN Package Check Results for Package ff

Last updated on 2024-06-12 20:58:56 CEST.

Flavor Version Tinstall Tcheck Ttotal Status Flags
r-devel-linux-x86_64-debian-clang 4.0.12 46.71 125.91 172.62 OK
r-devel-linux-x86_64-debian-gcc 4.0.12 41.32 82.12 123.44 ERROR
r-devel-linux-x86_64-fedora-clang 4.0.12 205.49 OK
r-devel-linux-x86_64-fedora-gcc 4.0.12 225.30 OK
r-devel-windows-x86_64 4.0.12 51.00 124.00 175.00 OK
r-patched-linux-x86_64 4.0.12 53.79 118.72 172.51 OK
r-release-linux-x86_64 4.0.12 48.11 118.83 166.94 OK
r-release-macos-arm64 4.0.12 58.00 OK
r-release-macos-x86_64 4.0.12 158.00 OK
r-release-windows-x86_64 4.0.12 49.00 127.00 176.00 OK
r-oldrel-macos-arm64 4.0.12 67.00 OK
r-oldrel-macos-x86_64 4.0.12 166.00 OK
r-oldrel-windows-x86_64 4.0.12 55.00 165.00 220.00 OK

Additional issues

noRemap

Check Details

Version: 4.0.12
Check: package dependencies
Result: NOTE Package suggested but not available for checking: ‘testthat’ Flavor: r-devel-linux-x86_64-debian-gcc

Version: 4.0.12
Check: tests
Result: ERROR Running ‘testthat.R’ [0s/1s] Running the tests in ‘tests/testthat.R’ failed. Complete output: > library(testthat) Error in library(testthat) : there is no package called 'testthat' Execution halted Flavor: r-devel-linux-x86_64-debian-gcc