Last updated on 2023-12-01 18:50:56 CET.
Flavor | Version | Tinstall | Tcheck | Ttotal | Status | Flags |
---|---|---|---|---|---|---|
r-devel-linux-x86_64-debian-clang | 1.1.14 | 7.34 | 115.83 | 123.17 | NOTE | |
r-devel-linux-x86_64-debian-gcc | 1.1.14 | 5.89 | 84.49 | 90.38 | NOTE | |
r-devel-linux-x86_64-fedora-clang | 1.1.14 | 147.39 | NOTE | |||
r-devel-linux-x86_64-fedora-gcc | 1.1.14 | 140.18 | NOTE | |||
r-devel-windows-x86_64 | 1.1.14 | 7.00 | 104.00 | 111.00 | NOTE | |
r-patched-linux-x86_64 | 1.1.14 | 9.87 | 108.64 | 118.51 | NOTE | |
r-release-linux-x86_64 | 1.1.14 | 4.07 | 107.14 | 111.21 | NOTE | |
r-release-macos-arm64 | 1.1.14 | 44.00 | NOTE | |||
r-release-macos-x86_64 | 1.1.14 | 71.00 | NOTE | |||
r-release-windows-x86_64 | 1.1.14 | 9.00 | 122.00 | 131.00 | NOTE | |
r-oldrel-macos-arm64 | 1.1.14 | 43.00 | NOTE | |||
r-oldrel-macos-x86_64 | 1.1.14 | 87.00 | NOTE | |||
r-oldrel-windows-x86_64 | 1.1.14 | 9.00 | 126.00 | 135.00 | NOTE |
Version: 1.1.14
Check: LazyData
Result: NOTE
'LazyData' is specified without a 'data' directory
Flavors: r-devel-linux-x86_64-debian-clang, r-devel-linux-x86_64-debian-gcc, r-devel-linux-x86_64-fedora-clang, r-devel-linux-x86_64-fedora-gcc, r-devel-windows-x86_64, r-patched-linux-x86_64, r-release-linux-x86_64, r-release-macos-arm64, r-release-macos-x86_64, r-release-windows-x86_64, r-oldrel-macos-arm64, r-oldrel-macos-x86_64, r-oldrel-windows-x86_64