CRAN Package Check Results for Package fgeo.analyze

Last updated on 2024-07-19 20:49:29 CEST.

Flavor Version Tinstall Tcheck Ttotal Status Flags
r-devel-linux-x86_64-debian-clang 1.1.14 7.55 116.36 123.91 NOTE
r-devel-linux-x86_64-debian-gcc 1.1.14 5.08 84.00 89.08 NOTE
r-devel-linux-x86_64-fedora-clang 1.1.14 159.63 NOTE
r-devel-linux-x86_64-fedora-gcc 1.1.14 140.25 NOTE
r-devel-windows-x86_64 1.1.14 8.00 107.00 115.00 NOTE
r-patched-linux-x86_64 1.1.14 12.45 111.53 123.98 NOTE
r-release-linux-x86_64 1.1.14 4.19 112.23 116.42 NOTE
r-release-macos-arm64 1.1.14 46.00 NOTE
r-release-macos-x86_64 1.1.14 62.00 NOTE
r-release-windows-x86_64 1.1.14 8.00 107.00 115.00 NOTE
r-oldrel-macos-arm64 1.1.14 44.00 NOTE
r-oldrel-macos-x86_64 1.1.14 71.00 NOTE
r-oldrel-windows-x86_64 1.1.14 8.00 128.00 136.00 NOTE

Check Details

Version: 1.1.14
Check: LazyData
Result: NOTE 'LazyData' is specified without a 'data' directory Flavors: r-devel-linux-x86_64-debian-clang, r-devel-linux-x86_64-debian-gcc, r-devel-linux-x86_64-fedora-clang, r-devel-linux-x86_64-fedora-gcc, r-devel-windows-x86_64, r-patched-linux-x86_64, r-release-linux-x86_64, r-release-macos-arm64, r-release-macos-x86_64, r-release-windows-x86_64, r-oldrel-macos-arm64, r-oldrel-macos-x86_64, r-oldrel-windows-x86_64

Version: 1.1.14
Check: Rd cross-references
Result: NOTE Found the following Rd file(s) with Rd \link{} targets missing package anchors: abundance.Rd: group_by Please provide package anchors for all Rd \link{} targets not in the package itself and the base packages. Flavor: r-devel-windows-x86_64