CRAN Package Check Results for Package fgeo

Last updated on 2024-02-22 18:50:25 CET.

Flavor Version Tinstall Tcheck Ttotal Status Flags
r-devel-linux-x86_64-debian-clang 1.1.4 NOTE
r-devel-linux-x86_64-debian-gcc 1.1.4 5.46 45.12 50.58 NOTE
r-devel-linux-x86_64-fedora-clang 1.1.4 86.04 NOTE
r-devel-linux-x86_64-fedora-gcc 1.1.4 78.31 NOTE
r-devel-windows-x86_64 1.1.4 8.00 65.00 73.00 NOTE
r-patched-linux-x86_64 1.1.4 4.41 56.86 61.27 NOTE
r-release-linux-x86_64 1.1.4 4.75 56.22 60.97 NOTE
r-release-macos-arm64 1.1.4 28.00 NOTE
r-release-macos-x86_64 1.1.4 49.00 NOTE
r-release-windows-x86_64 1.1.4 9.00 72.00 81.00 NOTE
r-oldrel-macos-arm64 1.1.4 28.00 NOTE
r-oldrel-windows-x86_64 1.1.4 10.00 78.00 88.00 NOTE

Check Details

Version: 1.1.4
Check: LazyData
Result: NOTE 'LazyData' is specified without a 'data' directory Flavors: r-devel-linux-x86_64-debian-clang, r-devel-linux-x86_64-debian-gcc, r-devel-linux-x86_64-fedora-clang, r-devel-linux-x86_64-fedora-gcc, r-devel-windows-x86_64, r-patched-linux-x86_64, r-release-linux-x86_64, r-release-macos-arm64, r-release-macos-x86_64, r-release-windows-x86_64, r-oldrel-macos-arm64, r-oldrel-windows-x86_64