Last updated on 2023-12-06 18:52:43 CET.
Flavor | Version | Tinstall | Tcheck | Ttotal | Status | Flags |
---|---|---|---|---|---|---|
r-devel-linux-x86_64-debian-clang | 0.1-7 | 54.88 | 106.90 | 161.78 | NOTE | |
r-devel-linux-x86_64-debian-gcc | 0.1-7 | 43.76 | 81.34 | 125.10 | NOTE | |
r-devel-linux-x86_64-fedora-clang | 0.1-7 | 229.20 | NOTE | |||
r-devel-linux-x86_64-fedora-gcc | 0.1-7 | 214.93 | NOTE | |||
r-devel-windows-x86_64 | 0.1-7 | 48.00 | 107.00 | 155.00 | NOTE | |
r-patched-linux-x86_64 | 0.1-7 | 46.31 | 104.35 | 150.66 | NOTE | |
r-release-linux-x86_64 | 0.1-7 | 46.88 | 107.45 | 154.33 | NOTE | |
r-release-macos-arm64 | 0.1-7 | 58.00 | NOTE | |||
r-release-macos-x86_64 | 0.1-7 | 99.00 | NOTE | |||
r-release-windows-x86_64 | 0.1-7 | 62.00 | 128.00 | 190.00 | NOTE | |
r-oldrel-macos-arm64 | 0.1-7 | 56.00 | OK | |||
r-oldrel-macos-x86_64 | 0.1-7 | 74.00 | OK | |||
r-oldrel-windows-x86_64 | 0.1-7 | 60.00 | 131.00 | 191.00 | OK |
Version: 0.1-7
Check: C++ specification
Result: NOTE
Specified C++11: please drop specification unless essential
Flavors: r-devel-linux-x86_64-debian-clang, r-devel-linux-x86_64-debian-gcc, r-devel-linux-x86_64-fedora-clang, r-devel-linux-x86_64-fedora-gcc, r-devel-windows-x86_64, r-patched-linux-x86_64, r-release-linux-x86_64, r-release-macos-arm64, r-release-macos-x86_64, r-release-windows-x86_64