CRAN Package Check Results for Package filling

Last updated on 2024-04-12 20:51:23 CEST.

Flavor Version Tinstall Tcheck Ttotal Status Flags
r-devel-linux-x86_64-debian-clang 0.2.3 71.08 149.57 220.65 NOTE
r-devel-linux-x86_64-debian-gcc 0.2.3 60.11 110.19 170.30 NOTE
r-devel-linux-x86_64-fedora-clang 0.2.3 288.77 NOTE
r-devel-linux-x86_64-fedora-gcc 0.2.3 283.40 NOTE
r-devel-windows-x86_64 0.2.3 59.00 129.00 188.00 NOTE
r-patched-linux-x86_64 0.2.3 75.53 140.67 216.20 NOTE
r-release-linux-x86_64 0.2.3 74.96 142.69 217.65 NOTE
r-release-macos-arm64 0.2.3 76.00 NOTE
r-release-macos-x86_64 0.2.3 138.00 NOTE
r-release-windows-x86_64 0.2.3 76.00 164.00 240.00 NOTE
r-oldrel-macos-arm64 0.2.3 73.00 OK
r-oldrel-windows-x86_64 0.2.3 72.00 158.00 230.00 OK

Check Details

Version: 0.2.3
Check: C++ specification
Result: NOTE Specified C++11: please drop specification unless essential Flavors: r-devel-linux-x86_64-debian-clang, r-devel-linux-x86_64-debian-gcc, r-devel-linux-x86_64-fedora-clang, r-devel-linux-x86_64-fedora-gcc, r-devel-windows-x86_64, r-patched-linux-x86_64, r-release-linux-x86_64, r-release-macos-arm64, r-release-macos-x86_64, r-release-windows-x86_64