Last updated on 2023-12-05 18:49:23 CET.
Flavor | Version | Tinstall | Tcheck | Ttotal | Status | Flags |
---|---|---|---|---|---|---|
r-devel-linux-x86_64-debian-clang | 0.1.2 | 6.33 | 41.67 | 48.00 | OK | |
r-devel-linux-x86_64-debian-gcc | 0.1.2 | 4.62 | 32.67 | 37.29 | OK | |
r-devel-linux-x86_64-fedora-clang | 0.1.2 | 60.26 | NOTE | |||
r-devel-linux-x86_64-fedora-gcc | 0.1.2 | 57.67 | NOTE | |||
r-devel-windows-x86_64 | 0.1.2 | 7.00 | 53.00 | 60.00 | OK | |
r-patched-linux-x86_64 | 0.1.2 | 3.98 | 40.95 | 44.93 | OK | |
r-release-linux-x86_64 | 0.1.2 | 4.13 | 40.83 | 44.96 | OK | |
r-release-macos-arm64 | 0.1.2 | 26.00 | OK | |||
r-release-macos-x86_64 | 0.1.2 | 34.00 | OK | |||
r-release-windows-x86_64 | 0.1.2 | 9.00 | 57.00 | 66.00 | OK | |
r-oldrel-macos-arm64 | 0.1.2 | 23.00 | NOTE | |||
r-oldrel-macos-x86_64 | 0.1.2 | 49.00 | NOTE | |||
r-oldrel-windows-x86_64 | 0.1.2 | 10.00 | 61.00 | 71.00 | OK |
Version: 0.1.2
Check: dependencies in R code
Result: NOTE
Namespaces in Imports field not imported from:
‘rclipboard’ ‘shinyBS’ ‘shinyWidgets’ ‘shinyjs’
All declared Imports should be used.
Flavors: r-devel-linux-x86_64-fedora-clang, r-devel-linux-x86_64-fedora-gcc, r-oldrel-macos-arm64, r-oldrel-macos-x86_64