CRAN Package Check Results for Package finch

Last updated on 2024-02-28 18:50:34 CET.

Flavor Version Tinstall Tcheck Ttotal Status Flags
r-devel-linux-x86_64-debian-clang 0.4.0 6.06 65.56 71.62 NOTE
r-devel-linux-x86_64-debian-gcc 0.4.0 6.07 49.55 55.62 NOTE
r-devel-linux-x86_64-fedora-clang 0.4.0 93.49 NOTE
r-devel-linux-x86_64-fedora-gcc 0.4.0 85.64 NOTE
r-devel-windows-x86_64 0.4.0 8.00 67.00 75.00 NOTE
r-patched-linux-x86_64 0.4.0 7.74 61.19 68.93 NOTE
r-release-linux-x86_64 0.4.0 6.80 61.97 68.77 NOTE
r-release-macos-arm64 0.4.0 30.00 NOTE
r-release-macos-x86_64 0.4.0 42.00 NOTE
r-release-windows-x86_64 0.4.0 10.00 75.00 85.00 NOTE
r-oldrel-macos-arm64 0.4.0 26.00 NOTE
r-oldrel-windows-x86_64 0.4.0 10.00 76.00 86.00 NOTE

Check Details

Version: 0.4.0
Check: LazyData
Result: NOTE 'LazyData' is specified without a 'data' directory Flavors: r-devel-linux-x86_64-debian-clang, r-devel-linux-x86_64-debian-gcc, r-devel-linux-x86_64-fedora-clang, r-devel-linux-x86_64-fedora-gcc, r-devel-windows-x86_64, r-patched-linux-x86_64, r-release-linux-x86_64, r-release-macos-arm64, r-release-macos-x86_64, r-release-windows-x86_64, r-oldrel-macos-arm64, r-oldrel-windows-x86_64