CRAN Package Check Results for Package fishtree

Last updated on 2024-04-18 20:55:36 CEST.

Flavor Version Tinstall Tcheck Ttotal Status Flags
r-devel-linux-x86_64-debian-clang 0.3.4 2.94 42.39 45.33 NOTE
r-devel-linux-x86_64-debian-gcc 0.3.4 2.18 32.98 35.16 NOTE
r-devel-linux-x86_64-fedora-clang 0.3.4 59.14 NOTE
r-devel-linux-x86_64-fedora-gcc 0.3.4 70.56 NOTE
r-prerel-macos-arm64 0.3.4 29.00 NOTE
r-prerel-windows-x86_64 0.3.4 4.00 55.00 59.00 NOTE
r-patched-linux-x86_64 0.3.4 2.29 41.10 43.39 NOTE
r-release-linux-x86_64 0.3.4 2.96 38.47 41.43 NOTE
r-release-macos-arm64 0.3.4 29.00 NOTE
r-release-macos-x86_64 0.3.4 47.00 NOTE
r-release-windows-x86_64 0.3.4 4.00 57.00 61.00 NOTE
r-oldrel-macos-arm64 0.3.4 22.00 NOTE
r-oldrel-windows-x86_64 0.3.4 5.00 59.00 64.00 NOTE

Check Details

Version: 0.3.4
Check: LazyData
Result: NOTE 'LazyData' is specified without a 'data' directory Flavors: r-devel-linux-x86_64-debian-clang, r-devel-linux-x86_64-debian-gcc, r-devel-linux-x86_64-fedora-clang, r-devel-linux-x86_64-fedora-gcc, r-prerel-macos-arm64, r-prerel-windows-x86_64, r-patched-linux-x86_64, r-release-linux-x86_64, r-release-macos-arm64, r-release-macos-x86_64, r-release-windows-x86_64, r-oldrel-macos-arm64, r-oldrel-windows-x86_64