CRAN Package Check Results for Package fitODBOD

Last updated on 2024-06-12 20:58:56 CEST.

Flavor Version Tinstall Tcheck Ttotal Status Flags
r-devel-linux-x86_64-debian-clang 1.5.1 12.51 183.38 195.89 OK
r-devel-linux-x86_64-debian-gcc 1.5.1 9.30 77.08 86.38 ERROR
r-devel-linux-x86_64-fedora-clang 1.5.1 240.88 NOTE
r-devel-linux-x86_64-fedora-gcc 1.5.1 224.94 OK
r-devel-windows-x86_64 1.5.1 11.00 184.00 195.00 ERROR
r-patched-linux-x86_64 1.5.1 16.41 179.28 195.69 OK
r-release-linux-x86_64 1.5.1 10.03 181.14 191.17 OK
r-release-macos-arm64 1.5.1 58.00 OK
r-release-macos-x86_64 1.5.1 108.00 OK
r-release-windows-x86_64 1.5.1 11.00 183.00 194.00 ERROR
r-oldrel-macos-arm64 1.5.1 63.00 OK
r-oldrel-macos-x86_64 1.5.1 184.00 OK
r-oldrel-windows-x86_64 1.5.1 14.00 224.00 238.00 OK

Check Details

Version: 1.5.1
Check: package dependencies
Result: NOTE Packages suggested but not available for checking: 'ggplot2', 'ggthemes', 'reshape2', 'testthat', 'tibble', 'viridis' Flavor: r-devel-linux-x86_64-debian-gcc

Version: 1.5.1
Check: tests
Result: ERROR Running ‘spelling.R’ [0s/0s] Comparing ‘spelling.Rout’ to ‘spelling.Rout.save’ ...6c6 < NULL --- > All Done! Running ‘testthat.R’ [0s/0s] Running the tests in ‘tests/testthat.R’ failed. Complete output: > library(testthat) Error in library(testthat) : there is no package called 'testthat' Execution halted Flavor: r-devel-linux-x86_64-debian-gcc

Version: 1.5.1
Check: Rd cross-references
Result: NOTE Undeclared package ‘extraDistr’ in Rd xrefs Flavor: r-devel-linux-x86_64-fedora-clang

Version: 1.5.1
Check: tests
Result: ERROR Running 'spelling.R' [0s] Comparing 'spelling.Rout' to 'spelling.Rout.save' ...6c6 < NULL --- > All Done! Running 'testthat.R' [55s] Running the tests in 'tests/testthat.R' failed. Complete output: > library(testthat) > library(fitODBOD) Hello, This is Amalan. For more details refer --> https://amalan-constat.github.io/fitODBOD/index.html > > test_check("fitODBOD") [ FAIL 1 | WARN 0 | SKIP 0 | PASS 645 ] ══ Failed tests ════════════════════════════════════════════════════════════════ ── Failure ('test-Overdispersion.R:69:11'): Output value expected ────────────── round(Overdispersion(fitGHB), 4) not identical to 0.4325. 1/1 mismatches [1] 0.432 - 0.432 == -2e-04 [ FAIL 1 | WARN 0 | SKIP 0 | PASS 645 ] Error: Test failures Execution halted Flavor: r-devel-windows-x86_64

Version: 1.5.1
Check: tests
Result: ERROR Running 'spelling.R' [0s] Comparing 'spelling.Rout' to 'spelling.Rout.save' ...6c6 < NULL --- > All Done! Running 'testthat.R' [54s] Running the tests in 'tests/testthat.R' failed. Complete output: > library(testthat) > library(fitODBOD) Hello, This is Amalan. For more details refer --> https://amalan-constat.github.io/fitODBOD/index.html > > test_check("fitODBOD") [ FAIL 1 | WARN 0 | SKIP 0 | PASS 645 ] ══ Failed tests ════════════════════════════════════════════════════════════════ ── Failure ('test-Overdispersion.R:69:11'): Output value expected ────────────── round(Overdispersion(fitGHB), 4) not identical to 0.4325. 1/1 mismatches [1] 0.432 - 0.432 == -2e-04 [ FAIL 1 | WARN 0 | SKIP 0 | PASS 645 ] Error: Test failures Execution halted Flavor: r-release-windows-x86_64