Last updated on 2023-12-01 18:50:56 CET.
Flavor | Version | Tinstall | Tcheck | Ttotal | Status | Flags |
---|---|---|---|---|---|---|
r-devel-linux-x86_64-debian-clang | 0.1.8 | 2.30 | 23.63 | 25.93 | NOTE | --no-vignettes |
r-devel-linux-x86_64-debian-gcc | 0.1.8 | 1.93 | 18.94 | 20.87 | NOTE | --no-vignettes |
r-devel-linux-x86_64-fedora-clang | 0.1.8 | 33.38 | NOTE | --no-vignettes | ||
r-devel-linux-x86_64-fedora-gcc | 0.1.8 | 32.35 | NOTE | --no-vignettes | ||
r-devel-windows-x86_64 | 0.1.8 | 4.00 | 41.00 | 45.00 | NOTE | --no-vignettes |
r-patched-linux-x86_64 | 0.1.8 | 2.70 | 22.48 | 25.18 | NOTE | --no-vignettes |
r-release-linux-x86_64 | 0.1.8 | 1.91 | 23.03 | 24.94 | NOTE | --no-vignettes |
r-release-macos-arm64 | 0.1.8 | 22.00 | ERROR | |||
r-release-macos-x86_64 | 0.1.8 | 39.00 | ERROR | |||
r-release-windows-x86_64 | 0.1.8 | 4.00 | 41.00 | 45.00 | NOTE | --no-vignettes |
r-oldrel-macos-arm64 | 0.1.8 | 17.00 | ERROR | |||
r-oldrel-macos-x86_64 | 0.1.8 | 28.00 | ERROR | |||
r-oldrel-windows-x86_64 | 0.1.8 | 4.00 | 45.00 | 49.00 | NOTE | --no-vignettes |
Version: 0.1.8
Flags: --no-vignettes
Check: LazyData
Result: NOTE
'LazyData' is specified without a 'data' directory
Flavors: r-devel-linux-x86_64-debian-clang, r-devel-linux-x86_64-debian-gcc, r-devel-linux-x86_64-fedora-clang, r-devel-linux-x86_64-fedora-gcc, r-devel-windows-x86_64, r-patched-linux-x86_64, r-release-linux-x86_64, r-release-windows-x86_64, r-oldrel-windows-x86_64
Version: 0.1.8
Check: LazyData
Result: NOTE
'LazyData' is specified without a 'data' directory
Flavors: r-release-macos-arm64, r-release-macos-x86_64, r-oldrel-macos-arm64, r-oldrel-macos-x86_64
Version: 0.1.8
Check: re-building of vignette outputs
Result: ERROR
Error(s) in re-building vignettes:
...
--- re-building ‘fitbitScraper-examples.Rmd’ using rmarkdown
Quitting from lines 22-24 (fitbitScraper-examples.Rmd)
Error: processing vignette 'fitbitScraper-examples.Rmd' failed with diagnostics:
login failed
--- failed re-building ‘fitbitScraper-examples.Rmd’
SUMMARY: processing the following file failed:
‘fitbitScraper-examples.Rmd’
Error: Vignette re-building failed.
Execution halted
Flavors: r-release-macos-arm64, r-oldrel-macos-arm64, r-oldrel-macos-x86_64
Version: 0.1.8
Check: re-building of vignette outputs
Result: ERROR
Error(s) in re-building vignettes:
...
--- re-building ‘fitbitScraper-examples.Rmd’ using rmarkdown
Pandoc is required to build R Markdown vignettes but not available. Please make sure it is installed.
Quitting from lines 22-24 (fitbitScraper-examples.Rmd)
Error: processing vignette 'fitbitScraper-examples.Rmd' failed with diagnostics:
login failed
--- failed re-building ‘fitbitScraper-examples.Rmd’
SUMMARY: processing the following file failed:
‘fitbitScraper-examples.Rmd’
Error: Vignette re-building failed.
Execution halted
Flavor: r-release-macos-x86_64