CRAN Package Check Results for Package fitur

Last updated on 2024-07-15 20:55:32 CEST.

Flavor Version Tinstall Tcheck Ttotal Status Flags
r-devel-linux-x86_64-debian-clang 0.6.2 7.67 92.71 100.38 OK
r-devel-linux-x86_64-debian-gcc 0.6.2 4.90 70.94 75.84 OK
r-devel-linux-x86_64-fedora-clang 0.6.2 131.77 NOTE
r-devel-linux-x86_64-fedora-gcc 0.6.2 133.71 NOTE
r-devel-windows-x86_64 0.6.2 10.00 95.00 105.00 OK
r-patched-linux-x86_64 0.6.2 6.11 90.59 96.70 OK
r-release-linux-x86_64 0.6.2 6.43 91.49 97.92 OK
r-release-macos-arm64 0.6.2 42.00 OK
r-release-macos-x86_64 0.6.2 76.00 OK
r-release-windows-x86_64 0.6.2 9.00 92.00 101.00 OK
r-oldrel-macos-arm64 0.6.2 50.00 OK
r-oldrel-macos-x86_64 0.6.2 70.00 OK
r-oldrel-windows-x86_64 0.6.2 10.00 108.00 118.00 OK

Check Details

Version: 0.6.2
Check: dependencies in R code
Result: NOTE Namespace in Imports field not imported from: ‘rstudioapi’ All declared Imports should be used. Flavors: r-devel-linux-x86_64-fedora-clang, r-devel-linux-x86_64-fedora-gcc