Last updated on 2023-11-28 18:49:17 CET.
Flavor | Version | Tinstall | Tcheck | Ttotal | Status | Flags |
---|---|---|---|---|---|---|
r-devel-linux-x86_64-debian-clang | 0.6.2 | 5.83 | 88.10 | 93.93 | OK | |
r-devel-linux-x86_64-debian-gcc | 0.6.2 | 5.38 | 67.04 | 72.42 | OK | |
r-devel-linux-x86_64-fedora-clang | 0.6.2 | 118.26 | NOTE | |||
r-devel-linux-x86_64-fedora-gcc | 0.6.2 | 124.85 | NOTE | |||
r-devel-windows-x86_64 | 0.6.2 | 7.00 | 98.00 | 105.00 | OK | |
r-patched-linux-x86_64 | 0.6.2 | 6.75 | 83.78 | 90.53 | OK | |
r-release-linux-x86_64 | 0.6.2 | 4.23 | 83.36 | 87.59 | OK | |
r-release-macos-arm64 | 0.6.2 | 50.00 | OK | |||
r-release-macos-x86_64 | 0.6.2 | 70.00 | OK | |||
r-release-windows-x86_64 | 0.6.2 | 10.00 | 108.00 | 118.00 | OK | |
r-oldrel-macos-arm64 | 0.6.2 | 37.00 | NOTE | |||
r-oldrel-macos-x86_64 | 0.6.2 | 77.00 | NOTE | |||
r-oldrel-windows-x86_64 | 0.6.2 | 11.00 | 111.00 | 122.00 | OK |
Version: 0.6.2
Check: dependencies in R code
Result: NOTE
Namespace in Imports field not imported from: ‘rstudioapi’
All declared Imports should be used.
Flavors: r-devel-linux-x86_64-fedora-clang, r-devel-linux-x86_64-fedora-gcc, r-oldrel-macos-arm64, r-oldrel-macos-x86_64