CRAN Package Check Results for Package flacco

Last updated on 2023-12-01 18:50:56 CET.

Flavor Version Tinstall Tcheck Ttotal Status Flags
r-devel-linux-x86_64-debian-clang 1.8 14.63 146.13 160.76 NOTE
r-devel-linux-x86_64-debian-gcc 1.8 11.87 108.14 120.01 NOTE
r-devel-linux-x86_64-fedora-clang 1.8 201.40 OK
r-devel-linux-x86_64-fedora-gcc 1.8 200.40 OK
r-devel-windows-x86_64 1.8 14.00 122.00 136.00 OK
r-patched-linux-x86_64 1.8 14.43 139.38 153.81 OK
r-release-linux-x86_64 1.8 12.96 139.44 152.40 OK
r-release-macos-arm64 1.8 62.00 OK
r-release-macos-x86_64 1.8 102.00 OK
r-release-windows-x86_64 1.8 19.00 147.00 166.00 OK
r-oldrel-macos-arm64 1.8 53.00 OK
r-oldrel-macos-x86_64 1.8 99.00 OK
r-oldrel-windows-x86_64 1.8 20.00 142.00 162.00 OK

Check Details

Version: 1.8
Check: Rd files
Result: NOTE checkRd: (-1) convertInitDesignToGrid.Rd:11: Lost braces; missing escapes or markup? 11 | The initial design, consisting of \code{d + 1} columns ({d} dimensions and | ^ Flavors: r-devel-linux-x86_64-debian-clang, r-devel-linux-x86_64-debian-gcc