Last updated on 2023-12-05 18:49:23 CET.
Flavor | Version | Tinstall | Tcheck | Ttotal | Status | Flags |
---|---|---|---|---|---|---|
r-devel-linux-x86_64-debian-clang | 0.1.0 | 5.53 | 50.54 | 56.07 | OK | |
r-devel-linux-x86_64-debian-gcc | 0.1.0 | 4.50 | 38.05 | 42.55 | OK | |
r-devel-linux-x86_64-fedora-clang | 0.1.0 | 71.05 | NOTE | |||
r-devel-linux-x86_64-fedora-gcc | 0.1.0 | 64.51 | NOTE | |||
r-devel-windows-x86_64 | 0.1.0 | 6.00 | 57.00 | 63.00 | OK | |
r-patched-linux-x86_64 | 0.1.0 | 3.86 | 46.85 | 50.71 | OK | |
r-release-linux-x86_64 | 0.1.0 | 5.05 | 47.32 | 52.37 | OK | |
r-release-macos-arm64 | 0.1.0 | 26.00 | OK | |||
r-release-macos-x86_64 | 0.1.0 | 36.00 | OK | |||
r-release-windows-x86_64 | 0.1.0 | 8.00 | 63.00 | 71.00 | OK | |
r-oldrel-macos-arm64 | 0.1.0 | 25.00 | NOTE | |||
r-oldrel-macos-x86_64 | 0.1.0 | 49.00 | NOTE | |||
r-oldrel-windows-x86_64 | 0.1.0 | 8.00 | 67.00 | 75.00 | OK |
Version: 0.1.0
Check: data for non-ASCII characters
Result: NOTE
Note: found 710 marked UTF-8 strings
Flavors: r-devel-linux-x86_64-fedora-clang, r-devel-linux-x86_64-fedora-gcc, r-oldrel-macos-arm64, r-oldrel-macos-x86_64