CRAN Package Check Results for Package flightplot

Last updated on 2024-06-13 20:49:08 CEST.

Flavor Version Tinstall Tcheck Ttotal Status Flags
r-devel-linux-x86_64-debian-clang 0.1.0 6.15 50.10 56.25 OK
r-devel-linux-x86_64-debian-gcc 0.1.0 0.26 1.73 1.99 ERROR
r-devel-linux-x86_64-fedora-clang 0.1.0 72.99 NOTE
r-devel-linux-x86_64-fedora-gcc 0.1.0 66.52 NOTE
r-devel-windows-x86_64 0.1.0 6.00 57.00 63.00 OK
r-patched-linux-x86_64 0.1.0 5.05 48.03 53.08 OK
r-release-linux-x86_64 0.1.0 4.28 47.42 51.70 OK
r-release-macos-arm64 0.1.0 25.00 OK
r-release-macos-x86_64 0.1.0 58.00 OK
r-release-windows-x86_64 0.1.0 8.00 57.00 65.00 OK
r-oldrel-macos-arm64 0.1.0 26.00 OK
r-oldrel-macos-x86_64 0.1.0 36.00 OK
r-oldrel-windows-x86_64 0.1.0 9.00 65.00 74.00 OK

Check Details

Version: 0.1.0
Check: package dependencies
Result: ERROR Packages required but not available: 'dplyr', 'ggplot2', 'ggrepel', 'tibble' See section ‘The DESCRIPTION file’ in the ‘Writing R Extensions’ manual. Flavor: r-devel-linux-x86_64-debian-gcc

Version: 0.1.0
Check: data for non-ASCII characters
Result: NOTE Note: found 710 marked UTF-8 strings Flavors: r-devel-linux-x86_64-fedora-clang, r-devel-linux-x86_64-fedora-gcc