CRAN Package Check Results for Package fmesher

Last updated on 2024-03-02 18:54:00 CET.

Flavor Version Tinstall Tcheck Ttotal Status Flags
r-devel-linux-x86_64-debian-clang 0.1.5 139.30 255.30 394.60 OK
r-devel-linux-x86_64-debian-gcc 0.1.5 118.56 190.20 308.76 OK
r-devel-linux-x86_64-fedora-clang 0.1.5 541.93 OK
r-devel-linux-x86_64-fedora-gcc 0.1.5 578.87 OK
r-devel-windows-x86_64 0.1.5 111.00 233.00 344.00 OK
r-patched-linux-x86_64 0.1.5 153.45 245.88 399.33 OK
r-release-linux-x86_64 0.1.5 147.92 249.07 396.99 OK
r-release-macos-arm64 0.1.5 142.00 NOTE
r-release-macos-x86_64 0.1.5 205.00 NOTE
r-release-windows-x86_64 0.1.5 142.00 289.00 431.00 OK
r-oldrel-macos-arm64 0.1.5 129.00 NOTE
r-oldrel-windows-x86_64 0.1.5 143.00 256.00 399.00 OK

Check Details

Version: 0.1.5
Check: installed package size
Result: NOTE installed size is 9.0Mb sub-directories of 1Mb or more: libs 7.0Mb Flavors: r-release-macos-arm64, r-release-macos-x86_64, r-oldrel-macos-arm64