CRAN Package Check Results for Package fnets

Last updated on 2023-11-29 18:48:46 CET.

Flavor Version Tinstall Tcheck Ttotal Status Flags
r-devel-linux-x86_64-debian-clang 0.1.5 9.65 102.95 112.60 NOTE
r-devel-linux-x86_64-debian-gcc 0.1.5 6.62 81.59 88.21 NOTE
r-devel-linux-x86_64-fedora-clang 0.1.5 139.49 NOTE
r-devel-linux-x86_64-fedora-gcc 0.1.5 139.07 NOTE
r-devel-windows-x86_64 0.1.5 9.00 148.00 157.00 NOTE
r-patched-linux-x86_64 0.1.5 12.53 103.74 116.27 OK
r-release-linux-x86_64 0.1.5 9.60 103.96 113.56 OK
r-release-macos-arm64 0.1.5 74.00 OK
r-release-macos-x86_64 0.1.5 159.00 OK
r-release-windows-x86_64 0.1.5 12.00 185.00 197.00 OK
r-oldrel-macos-arm64 0.1.5 78.00 OK
r-oldrel-macos-x86_64 0.1.5 115.00 OK
r-oldrel-windows-x86_64 0.1.5 13.00 196.00 209.00 OK

Check Details

Version: 0.1.5
Check: Rd files
Result: NOTE checkRd: (-1) common.predict.Rd:21: Lost braces in \itemize; meant \describe ? checkRd: (-1) common.predict.Rd:22: Lost braces in \itemize; meant \describe ? checkRd: (-1) dyn.pca.Rd:23: Lost braces in \itemize; meant \describe ? checkRd: (-1) dyn.pca.Rd:24: Lost braces in \itemize; meant \describe ? checkRd: (-1) factor.number.Rd:22: Lost braces in \itemize; meant \describe ? checkRd: (-1) factor.number.Rd:23: Lost braces in \itemize; meant \describe ? checkRd: (-1) fnets.Rd:35: Lost braces in \itemize; meant \describe ? checkRd: (-1) fnets.Rd:36: Lost braces in \itemize; meant \describe ? checkRd: (-1) fnets.Rd:46: Lost braces in \itemize; meant \describe ? checkRd: (-1) fnets.Rd:47: Lost braces in \itemize; meant \describe ? checkRd: (-1) fnets.Rd:48: Lost braces in \itemize; meant \describe ? checkRd: (-1) fnets.Rd:49: Lost braces in \itemize; meant \describe ? checkRd: (-1) fnets.Rd:56: Lost braces in \itemize; meant \describe ? checkRd: (-1) fnets.Rd:57: Lost braces in \itemize; meant \describe ? checkRd: (-1) fnets.Rd:62: Lost braces in \itemize; meant \describe ? checkRd: (-1) fnets.Rd:63: Lost braces in \itemize; meant \describe ? checkRd: (-1) fnets.Rd:77: Lost braces in \itemize; meant \describe ? checkRd: (-1) fnets.Rd:78: Lost braces in \itemize; meant \describe ? checkRd: (-1) fnets.Rd:80: Lost braces in \itemize; meant \describe ? checkRd: (-1) fnets.Rd:81: Lost braces in \itemize; meant \describe ? checkRd: (-1) fnets.Rd:82: Lost braces in \itemize; meant \describe ? checkRd: (-1) fnets.Rd:95: Lost braces in \itemize; \value handles \item{}{} directly checkRd: (-1) fnets.Rd:96: Lost braces in \itemize; \value handles \item{}{} directly checkRd: (-1) fnets.Rd:97: Lost braces in \itemize; \value handles \item{}{} directly checkRd: (-1) fnets.Rd:98: Lost braces in \itemize; \value handles \item{}{} directly checkRd: (-1) fnets.factor.model.Rd:27: Lost braces in \itemize; meant \describe ? checkRd: (-1) fnets.factor.model.Rd:28: Lost braces in \itemize; meant \describe ? checkRd: (-1) fnets.factor.model.Rd:40: Lost braces in \itemize; meant \describe ? checkRd: (-1) fnets.factor.model.Rd:41: Lost braces in \itemize; meant \describe ? checkRd: (-1) fnets.factor.model.Rd:42: Lost braces in \itemize; meant \describe ? checkRd: (-1) fnets.factor.model.Rd:43: Lost braces in \itemize; meant \describe ? checkRd: (-1) fnets.var.Rd:28: Lost braces in \itemize; meant \describe ? checkRd: (-1) fnets.var.Rd:29: Lost braces in \itemize; meant \describe ? checkRd: (-1) fnets.var.Rd:41: Lost braces in \itemize; meant \describe ? checkRd: (-1) fnets.var.Rd:42: Lost braces in \itemize; meant \describe ? checkRd: (-1) fnets.var.Rd:44: Lost braces in \itemize; meant \describe ? checkRd: (-1) fnets.var.Rd:45: Lost braces in \itemize; meant \describe ? checkRd: (-1) fnets.var.Rd:46: Lost braces in \itemize; meant \describe ? checkRd: (-1) network.fnets.Rd:21: Lost braces in \itemize; meant \describe ? checkRd: (-1) network.fnets.Rd:22: Lost braces in \itemize; meant \describe ? checkRd: (-1) network.fnets.Rd:23: Lost braces in \itemize; meant \describe ? checkRd: (-1) par.lrpc.Rd:26: Lost braces in \itemize; meant \describe ? checkRd: (-1) par.lrpc.Rd:27: Lost braces in \itemize; meant \describe ? checkRd: (-1) plot.fnets.Rd:49: Lost braces; missing escapes or markup? 49 | When \code{display = "network"} or {"heatmap"}, it produces a plot visualising three networks underlying factor-adjusted VAR processes: | ^ checkRd: (-1) plot.fnets.Rd:23: Lost braces in \itemize; meant \describe ? checkRd: (-1) plot.fnets.Rd:24: Lost braces in \itemize; meant \describe ? checkRd: (-1) plot.fnets.Rd:25: Lost braces in \itemize; meant \describe ? checkRd: (-1) plot.fnets.Rd:30: Lost braces in \itemize; meant \describe ? checkRd: (-1) plot.fnets.Rd:31: Lost braces in \itemize; meant \describe ? checkRd: (-1) plot.fnets.Rd:32-33: Lost braces in \itemize; meant \describe ? checkRd: (-1) predict.fm.Rd:19: Lost braces in \itemize; meant \describe ? checkRd: (-1) predict.fm.Rd:20: Lost braces in \itemize; meant \describe ? checkRd: (-1) predict.fnets.Rd:29: Lost braces in \itemize; meant \describe ? checkRd: (-1) predict.fnets.Rd:30: Lost braces in \itemize; meant \describe ? Flavors: r-devel-linux-x86_64-debian-clang, r-devel-linux-x86_64-debian-gcc

Version: 0.1.5
Check: Rd \usage sections
Result: NOTE Documented arguments not in \usage in Rd file 'hl.factor.number.Rd': ‘w’ Functions with \usage entries need to have the appropriate \alias entries, and all their arguments documented. The \usage entries must correspond to syntactically valid R code. See chapter ‘Writing R documentation files’ in the ‘Writing R Extensions’ manual. Flavors: r-devel-linux-x86_64-debian-clang, r-devel-linux-x86_64-debian-gcc, r-devel-linux-x86_64-fedora-clang, r-devel-linux-x86_64-fedora-gcc, r-devel-windows-x86_64