Last updated on 2023-09-25 21:05:43 CEST.
Flavor | Version | Tinstall | Tcheck | Ttotal | Status | Flags |
---|---|---|---|---|---|---|
r-devel-linux-x86_64-debian-clang | 1.5.2 | 3.49 | 55.73 | 59.22 | OK | |
r-devel-linux-x86_64-debian-gcc | 1.5.2 | 2.33 | 42.50 | 44.83 | OK | |
r-devel-linux-x86_64-fedora-clang | 1.5.2 | 72.38 | OK | |||
r-devel-linux-x86_64-fedora-gcc | 1.5.2 | 82.97 | OK | |||
r-devel-windows-x86_64 | 1.5.2 | 7.00 | 142.00 | 149.00 | NOTE | |
r-patched-linux-x86_64 | 1.5.2 | 3.03 | 54.17 | 57.20 | OK | |
r-release-linux-x86_64 | 1.5.2 | 2.89 | 55.25 | 58.14 | OK | |
r-release-macos-arm64 | 1.5.2 | 111.00 | OK | |||
r-release-macos-x86_64 | 1.5.2 | 122.00 | OK | |||
r-release-windows-x86_64 | 1.5.2 | 7.00 | 149.00 | 156.00 | NOTE | |
r-oldrel-macos-arm64 | 1.5.2 | 105.00 | OK | |||
r-oldrel-macos-x86_64 | 1.5.2 | 114.00 | OK | |||
r-oldrel-windows-x86_64 | 1.5.2 | 6.00 | 150.00 | 156.00 | NOTE |
Version: 1.5.2
Check: package dependencies
Result: NOTE
Package suggested but not available for checking: 'doMC'
Flavors: r-devel-windows-x86_64, r-release-windows-x86_64, r-oldrel-windows-x86_64