Last updated on 2023-11-30 18:49:29 CET.
Flavor | Version | Tinstall | Tcheck | Ttotal | Status | Flags |
---|---|---|---|---|---|---|
r-devel-linux-x86_64-debian-clang | 5.0.19 | 8.22 | 354.73 | 362.95 | NOTE | |
r-devel-linux-x86_64-debian-gcc | 5.0.19 | 7.01 | 250.96 | 257.97 | NOTE | |
r-devel-linux-x86_64-fedora-clang | 5.0.19 | 439.35 | NOTE | |||
r-devel-linux-x86_64-fedora-gcc | 5.0.19 | 432.59 | NOTE | |||
r-devel-windows-x86_64 | 5.0.19 | 8.00 | 284.00 | 292.00 | NOTE | |
r-patched-linux-x86_64 | 5.0.19 | 11.81 | 330.19 | 342.00 | NOTE | |
r-release-linux-x86_64 | 5.0.19 | 5.50 | 337.26 | 342.76 | NOTE | |
r-release-macos-arm64 | 5.0.19 | 107.00 | NOTE | |||
r-release-macos-x86_64 | 5.0.19 | 187.00 | NOTE | |||
r-release-windows-x86_64 | 5.0.19 | 11.00 | 385.00 | 396.00 | NOTE | |
r-oldrel-macos-arm64 | 5.0.19 | 101.00 | NOTE | |||
r-oldrel-macos-x86_64 | 5.0.19 | 209.00 | NOTE | |||
r-oldrel-windows-x86_64 | 5.0.19 | 12.00 | 376.00 | 388.00 | NOTE |
Version: 5.0.19
Check: LazyData
Result: NOTE
'LazyData' is specified without a 'data' directory
Flavors: r-devel-linux-x86_64-debian-clang, r-devel-linux-x86_64-debian-gcc, r-devel-linux-x86_64-fedora-clang, r-devel-linux-x86_64-fedora-gcc, r-devel-windows-x86_64, r-patched-linux-x86_64, r-release-linux-x86_64, r-release-macos-arm64, r-release-macos-x86_64, r-release-windows-x86_64, r-oldrel-macos-arm64, r-oldrel-macos-x86_64, r-oldrel-windows-x86_64