Last updated on 2023-11-28 18:49:18 CET.
Flavor | Version | Tinstall | Tcheck | Ttotal | Status | Flags |
---|---|---|---|---|---|---|
r-devel-linux-x86_64-debian-clang | 2.0.2 | 4.45 | 38.43 | 42.88 | NOTE | |
r-devel-linux-x86_64-debian-gcc | 2.0.2 | 3.20 | 29.62 | 32.82 | NOTE | |
r-devel-linux-x86_64-fedora-clang | 2.0.2 | 53.82 | NOTE | |||
r-devel-linux-x86_64-fedora-gcc | 2.0.2 | 51.12 | NOTE | |||
r-devel-windows-x86_64 | 2.0.2 | 6.00 | 57.00 | 63.00 | OK | |
r-patched-linux-x86_64 | 2.0.2 | 3.61 | 37.17 | 40.78 | OK | |
r-release-linux-x86_64 | 2.0.2 | 3.03 | 37.09 | 40.12 | OK | |
r-release-macos-arm64 | 2.0.2 | 23.00 | OK | |||
r-release-macos-x86_64 | 2.0.2 | 32.00 | OK | |||
r-release-windows-x86_64 | 2.0.2 | 7.00 | 61.00 | 68.00 | OK | |
r-oldrel-macos-arm64 | 2.0.2 | 22.00 | NOTE | |||
r-oldrel-macos-x86_64 | 2.0.2 | 41.00 | NOTE | |||
r-oldrel-windows-x86_64 | 2.0.2 | 9.00 | 63.00 | 72.00 | OK |
Version: 2.0.2
Check: Rd files
Result: NOTE
checkRd: (-1) process_pcl.Rd:28: Lost braces; missing escapes or markup?
28 | \item{pavd}{logical input to include Plant Area Volume Density Plot from {plot_pavd},
| ^
Flavors: r-devel-linux-x86_64-debian-clang, r-devel-linux-x86_64-debian-gcc
Version: 2.0.2
Check: dependencies in R code
Result: NOTE
Namespaces in Imports field not imported from:
‘tibble’ ‘viridis’
All declared Imports should be used.
Flavors: r-devel-linux-x86_64-fedora-clang, r-devel-linux-x86_64-fedora-gcc, r-oldrel-macos-arm64, r-oldrel-macos-x86_64