Last updated on 2023-11-28 18:49:18 CET.
Flavor | Version | Tinstall | Tcheck | Ttotal | Status | Flags |
---|---|---|---|---|---|---|
r-devel-linux-x86_64-debian-clang | 0.1.3 | 23.38 | 41.02 | 64.40 | NOTE | |
r-devel-linux-x86_64-debian-gcc | 0.1.3 | 13.21 | 31.50 | 44.71 | NOTE | |
r-devel-linux-x86_64-fedora-clang | 0.1.3 | 86.57 | NOTE | |||
r-devel-linux-x86_64-fedora-gcc | 0.1.3 | 89.28 | NOTE | |||
r-devel-windows-x86_64 | 0.1.3 | 17.00 | 74.00 | 91.00 | NOTE | |
r-patched-linux-x86_64 | 0.1.3 | 16.26 | 39.01 | 55.27 | NOTE | |
r-release-linux-x86_64 | 0.1.3 | 16.07 | 38.86 | 54.93 | NOTE | |
r-release-macos-arm64 | 0.1.3 | 34.00 | NOTE | |||
r-release-macos-x86_64 | 0.1.3 | 52.00 | NOTE | |||
r-release-windows-x86_64 | 0.1.3 | 20.00 | 77.00 | 97.00 | NOTE | |
r-oldrel-macos-arm64 | 0.1.3 | 28.00 | NOTE | |||
r-oldrel-macos-x86_64 | 0.1.3 | 37.00 | NOTE | |||
r-oldrel-windows-x86_64 | 0.1.3 | 21.00 | 77.00 | 98.00 | NOTE |
Version: 0.1.3
Check: LazyData
Result: NOTE
'LazyData' is specified without a 'data' directory
Flavors: r-devel-linux-x86_64-debian-clang, r-devel-linux-x86_64-debian-gcc, r-devel-linux-x86_64-fedora-clang, r-devel-linux-x86_64-fedora-gcc, r-devel-windows-x86_64, r-patched-linux-x86_64, r-release-linux-x86_64, r-release-macos-arm64, r-release-macos-x86_64, r-release-windows-x86_64, r-oldrel-macos-arm64, r-oldrel-macos-x86_64, r-oldrel-windows-x86_64
Version: 0.1.3
Check: compiled code
Result: NOTE
File ‘fractional/libs/fractional.so’:
Found no calls to: ‘R_registerRoutines’, ‘R_useDynamicSymbols’
It is good practice to register native routines and to disable symbol
search.
See ‘Writing portable packages’ in the ‘Writing R Extensions’ manual.
Flavors: r-devel-linux-x86_64-fedora-clang, r-devel-linux-x86_64-fedora-gcc